CRAN Package Check Results for Package SPCDAnalyze

Last updated on 2022-07-05 11:50:05 CEST.

Flavor Version Tinstall Tcheck Ttotal Status Flags
r-devel-linux-x86_64-debian-clang 0.1.0 10.13 83.61 93.74 NOTE
r-devel-linux-x86_64-debian-gcc 0.1.0 8.55 63.46 72.01 NOTE
r-devel-linux-x86_64-fedora-clang 0.1.0 120.64 NOTE
r-devel-linux-x86_64-fedora-gcc 0.1.0 121.26 NOTE
r-devel-windows-x86_64 0.1.0 16.00 104.00 120.00 NOTE
r-patched-linux-x86_64 0.1.0 8.65 80.82 89.47 NOTE
r-release-linux-x86_64 0.1.0 8.52 79.59 88.11 NOTE
r-release-macos-arm64 0.1.0 34.00 NOTE
r-release-macos-x86_64 0.1.0 58.00 NOTE
r-release-windows-x86_64 0.1.0 34.00 108.00 142.00 NOTE
r-oldrel-macos-arm64 0.1.0 41.00 NOTE
r-oldrel-macos-x86_64 0.1.0 57.00 NOTE
r-oldrel-windows-ix86+x86_64 0.1.0 21.00 101.00 122.00 NOTE

Check Details

Version: 0.1.0
Check: LazyData
Result: NOTE
     'LazyData' is specified without a 'data' directory
Flavors: r-devel-linux-x86_64-debian-clang, r-devel-linux-x86_64-debian-gcc, r-devel-linux-x86_64-fedora-clang, r-devel-linux-x86_64-fedora-gcc, r-devel-windows-x86_64, r-patched-linux-x86_64, r-release-linux-x86_64, r-release-macos-arm64, r-release-macos-x86_64, r-release-windows-x86_64, r-oldrel-macos-arm64, r-oldrel-macos-x86_64, r-oldrel-windows-ix86+x86_64