Last updated on 2024-03-28 09:51:58 CET.
Flavor | Version | Tinstall | Tcheck | Ttotal | Status | Flags |
---|---|---|---|---|---|---|
r-devel-linux-x86_64-debian-clang | 0.1.0 | 6.33 | 78.27 | 84.60 | NOTE | |
r-devel-linux-x86_64-debian-gcc | 0.1.0 | 8.16 | 59.83 | 67.99 | NOTE | |
r-devel-linux-x86_64-fedora-clang | 0.1.0 | 109.21 | NOTE | |||
r-devel-linux-x86_64-fedora-gcc | 0.1.0 | 107.72 | NOTE | |||
r-devel-windows-x86_64 | 0.1.0 | 9.00 | 73.00 | 82.00 | NOTE | |
r-patched-linux-x86_64 | 0.1.0 | 10.67 | 75.30 | 85.97 | NOTE | |
r-release-linux-x86_64 | 0.1.0 | 6.49 | 79.64 | 86.13 | NOTE | |
r-release-macos-arm64 | 0.1.0 | 37.00 | NOTE | |||
r-release-macos-x86_64 | 0.1.0 | 58.00 | NOTE | |||
r-release-windows-x86_64 | 0.1.0 | 11.00 | 89.00 | 100.00 | NOTE | |
r-oldrel-macos-arm64 | 0.1.0 | 34.00 | NOTE | |||
r-oldrel-windows-x86_64 | 0.1.0 | 12.00 | 100.00 | 112.00 | NOTE |
Version: 0.1.0
Check: LazyData
Result: NOTE
'LazyData' is specified without a 'data' directory
Flavors: r-devel-linux-x86_64-debian-clang, r-devel-linux-x86_64-debian-gcc, r-devel-linux-x86_64-fedora-clang, r-devel-linux-x86_64-fedora-gcc, r-devel-windows-x86_64, r-patched-linux-x86_64, r-release-linux-x86_64, r-release-macos-arm64, r-release-macos-x86_64, r-release-windows-x86_64, r-oldrel-macos-arm64, r-oldrel-windows-x86_64