Last updated on 2025-05-12 13:50:28 CEST.
Flavor | Version | Tinstall | Tcheck | Ttotal | Status | Flags |
---|---|---|---|---|---|---|
r-devel-linux-x86_64-debian-clang | 3.1.2 | 3.36 | 26.09 | 29.45 | NOTE | |
r-devel-linux-x86_64-debian-gcc | 3.1.2 | 2.39 | 19.05 | 21.44 | NOTE | |
r-devel-linux-x86_64-fedora-clang | 3.1.2 | 45.94 | OK | |||
r-devel-linux-x86_64-fedora-gcc | 3.1.2 | 43.07 | OK | |||
r-devel-windows-x86_64 | 3.1.2 | 4.00 | 47.00 | 51.00 | OK | |
r-patched-linux-x86_64 | 3.1.2 | 3.41 | 24.86 | 28.27 | OK | |
r-release-linux-x86_64 | 3.1.2 | 3.38 | 25.30 | 28.68 | OK | |
r-release-macos-arm64 | 3.1.2 | 18.00 | OK | |||
r-release-macos-x86_64 | 3.1.2 | 46.00 | OK | |||
r-release-windows-x86_64 | 3.1.2 | 5.00 | 48.00 | 53.00 | OK | |
r-oldrel-macos-arm64 | 3.1.2 | 21.00 | OK | |||
r-oldrel-macos-x86_64 | 3.1.2 | 31.00 | OK | |||
r-oldrel-windows-x86_64 | 3.1.2 | 4.00 | 47.00 | 51.00 | OK |
Version: 3.1.2
Check: CRAN incoming feasibility
Result: NOTE
Maintainer: ‘Rounak Dey <deyrnk@umich.edu>’
No Authors@R field in DESCRIPTION.
Please add one, modifying
Authors@R: c(person(given = "Rounak",
family = "Dey",
role = c("aut", "cre"),
email = "deyrnk@umich.edu"),
person(given = "Seunggeun",
family = "Lee",
role = "aut"))
as necessary.
Flavors: r-devel-linux-x86_64-debian-clang, r-devel-linux-x86_64-debian-gcc