Last updated on 2024-03-28 09:51:57 CET.
Flavor | Version | Tinstall | Tcheck | Ttotal | Status | Flags |
---|---|---|---|---|---|---|
r-devel-linux-x86_64-debian-clang | 1.2.0 | 30.98 | 566.39 | 597.37 | OK | |
r-devel-linux-x86_64-debian-gcc | 1.2.0 | 24.56 | 471.25 | 495.81 | OK | |
r-devel-linux-x86_64-fedora-clang | 1.2.0 | 799.59 | NOTE | |||
r-devel-linux-x86_64-fedora-gcc | 1.2.0 | 888.42 | NOTE | |||
r-devel-windows-x86_64 | 1.2.0 | 28.00 | 645.00 | 673.00 | OK | |
r-patched-linux-x86_64 | 1.2.0 | 28.94 | 654.67 | 683.61 | OK | |
r-release-linux-x86_64 | 1.2.0 | 20.87 | 659.69 | 680.56 | OK | |
r-release-macos-arm64 | 1.2.0 | 350.00 | OK | |||
r-release-macos-x86_64 | 1.2.0 | 502.00 | OK | |||
r-release-windows-x86_64 | 1.2.0 | 33.00 | 715.00 | 748.00 | OK | |
r-oldrel-macos-arm64 | 1.2.0 | 292.00 | NOTE | |||
r-oldrel-windows-x86_64 | 1.2.0 | 31.00 | 728.00 | 759.00 | OK |
Version: 1.2.0
Check: dependencies in R code
Result: NOTE
Namespaces in Imports field not imported from:
‘future’ ‘geosphere’ ‘lubridate’ ‘tidyverse’ ‘viridis’
All declared Imports should be used.
Flavors: r-devel-linux-x86_64-fedora-clang, r-devel-linux-x86_64-fedora-gcc, r-oldrel-macos-arm64