CRAN Package Check Results for Package SPARSEMODr

Last updated on 2022-06-25 10:53:15 CEST.

Flavor Version Tinstall Tcheck Ttotal Status Flags
r-devel-linux-x86_64-debian-clang 1.1.0 25.94 151.56 177.50 OK
r-devel-linux-x86_64-debian-gcc 1.1.0 24.47 114.53 139.00 OK
r-devel-linux-x86_64-fedora-clang 1.1.0 232.59 NOTE
r-devel-linux-x86_64-fedora-gcc 1.1.0 230.93 NOTE
r-devel-windows-x86_64 1.1.0 53.00 256.00 309.00 OK
r-patched-linux-x86_64 1.1.0 32.84 148.39 181.23 OK
r-release-linux-x86_64 1.1.0 20.34 146.66 167.00 OK
r-release-macos-arm64 1.1.0 88.00 NOTE
r-release-macos-x86_64 1.1.0 141.00 NOTE
r-release-windows-x86_64 1.1.0 55.00 258.00 313.00 OK
r-oldrel-macos-arm64 1.1.0 119.00 NOTE
r-oldrel-macos-x86_64 1.1.0 106.00 NOTE
r-oldrel-windows-ix86+x86_64 1.1.0 71.00 300.00 371.00 OK

Check Details

Version: 1.1.0
Check: dependencies in R code
Result: NOTE
    Namespaces in Imports field not imported from:
     ‘future’ ‘geosphere’ ‘lubridate’ ‘tidyverse’ ‘viridis’
     All declared Imports should be used.
Flavors: r-devel-linux-x86_64-fedora-clang, r-devel-linux-x86_64-fedora-gcc, r-release-macos-arm64, r-release-macos-x86_64, r-oldrel-macos-arm64, r-oldrel-macos-x86_64