Last updated on 2024-04-19 11:57:01 CEST.
Flavor | Version | Tinstall | Tcheck | Ttotal | Status | Flags |
---|---|---|---|---|---|---|
r-devel-linux-x86_64-debian-clang | 2.1-0 | 22.04 | 302.87 | 324.91 | OK | |
r-devel-linux-x86_64-debian-gcc | 2.1-0 | OK | ||||
r-devel-linux-x86_64-fedora-clang | 2.1-0 | 429.14 | OK | |||
r-devel-linux-x86_64-fedora-gcc | 2.1-0 | 432.49 | OK | |||
r-prerel-macos-arm64 | 2.1-0 | 104.00 | NOTE | |||
r-prerel-windows-x86_64 | 2.1-0 | 18.00 | 229.00 | 247.00 | OK | |
r-patched-linux-x86_64 | 2.1-0 | 15.30 | 289.02 | 304.32 | OK | |
r-release-linux-x86_64 | 2.1-0 | 14.37 | 291.46 | 305.83 | OK | |
r-release-macos-arm64 | 2.1-0 | 114.00 | NOTE | |||
r-release-macos-x86_64 | 2.1-0 | 177.00 | NOTE | |||
r-release-windows-x86_64 | 2.1-0 | 24.00 | 291.00 | 315.00 | OK | |
r-oldrel-macos-arm64 | 2.1-0 | 107.00 | OK | |||
r-oldrel-windows-x86_64 | 2.1-0 | 26.00 | 293.00 | 319.00 | OK |
Version: 2.1-0
Check: package dependencies
Result: NOTE
Package suggested but not available for checking: ‘TxDb.Hsapiens.UCSC.hg19.knownGene’
Flavor: r-prerel-macos-arm64
Version: 2.1-0
Check: package dependencies
Result: NOTE
Packages suggested but not available for checking:
'VariantAnnotation', 'TxDb.Hsapiens.UCSC.hg19.knownGene'
Flavor: r-release-macos-arm64
Version: 2.1-0
Check: package dependencies
Result: NOTE
Packages suggested but not available for checking:
'VariantAnnotation', 'org.Hs.eg.db',
'TxDb.Hsapiens.UCSC.hg19.knownGene'
Flavor: r-release-macos-x86_64