Last updated on 2024-04-18 12:53:01 CEST.
Flavor | Version | Tinstall | Tcheck | Ttotal | Status | Flags |
---|---|---|---|---|---|---|
r-devel-linux-x86_64-debian-clang | 1.0.3 | 43.37 | 32.77 | 76.14 | NOTE | |
r-devel-linux-x86_64-debian-gcc | 1.0.3 | 33.45 | 25.05 | 58.50 | NOTE | |
r-devel-linux-x86_64-fedora-clang | 1.0.3 | 100.59 | NOTE | |||
r-devel-linux-x86_64-fedora-gcc | 1.0.3 | 105.21 | NOTE | |||
r-prerel-macos-arm64 | 1.0.3 | 31.00 | NOTE | |||
r-prerel-windows-x86_64 | 1.0.3 | 33.00 | 76.00 | 109.00 | NOTE | |
r-patched-linux-x86_64 | 1.0.3 | 40.18 | 30.74 | 70.92 | NOTE | |
r-release-linux-x86_64 | 1.0.3 | 39.88 | 30.64 | 70.52 | NOTE | |
r-release-macos-arm64 | 1.0.3 | 34.00 | NOTE | |||
r-release-macos-x86_64 | 1.0.3 | 52.00 | NOTE | |||
r-release-windows-x86_64 | 1.0.3 | 42.00 | 84.00 | 126.00 | NOTE | |
r-oldrel-macos-arm64 | 1.0.3 | 33.00 | OK | |||
r-oldrel-windows-x86_64 | 1.0.3 | 40.00 | 76.00 | 116.00 | OK |
Version: 1.0.3
Check: C++ specification
Result: NOTE
Specified C++11: please drop specification unless essential
Flavors: r-devel-linux-x86_64-debian-clang, r-devel-linux-x86_64-debian-gcc, r-devel-linux-x86_64-fedora-clang, r-devel-linux-x86_64-fedora-gcc, r-prerel-macos-arm64, r-prerel-windows-x86_64, r-patched-linux-x86_64, r-release-linux-x86_64, r-release-macos-arm64, r-release-macos-x86_64, r-release-windows-x86_64
Version: 1.0.3
Check: Rd files
Result: NOTE
checkRd: (-1) SMMA.Rd:115: Lost braces
115 | is the empirical explained variance from \cite{Meinshausen and B{u}hlmann, 2015}. See \cite{Lund et al., 2020} for more details and references.
| ^
checkRd: (-1) SMMA.Rd:170: Lost braces
170 | Meinshausen, N and P. B{u}hlmann (2015). Maximin effects in inhomogeneous large-scale data.
| ^
Flavors: r-devel-linux-x86_64-debian-clang, r-devel-linux-x86_64-debian-gcc, r-devel-linux-x86_64-fedora-clang, r-devel-linux-x86_64-fedora-gcc, r-prerel-macos-arm64, r-prerel-windows-x86_64, r-patched-linux-x86_64