Last updated on 2022-06-29 11:52:22 CEST.
Flavor | Version | Tinstall | Tcheck | Ttotal | Status | Flags |
---|---|---|---|---|---|---|
r-devel-linux-x86_64-debian-clang | 0.0.9 | 23.66 | 40.93 | 64.59 | OK | |
r-devel-linux-x86_64-debian-gcc | 0.0.9 | 15.92 | 32.51 | 48.43 | OK | |
r-devel-linux-x86_64-fedora-clang | 0.0.9 | 91.00 | OK | |||
r-devel-linux-x86_64-fedora-gcc | 0.0.9 | 84.99 | OK | |||
r-devel-windows-x86_64 | 0.0.9 | 259.00 | 96.00 | 355.00 | OK | |
r-patched-linux-x86_64 | 0.0.9 | 15.72 | 40.32 | 56.04 | OK | |
r-release-linux-x86_64 | 0.0.9 | 14.50 | 39.60 | 54.10 | OK | |
r-release-macos-arm64 | 0.0.9 | 28.00 | NOTE | |||
r-release-macos-x86_64 | 0.0.9 | 38.00 | OK | |||
r-release-windows-x86_64 | 0.0.9 | 117.00 | 92.00 | 209.00 | OK | |
r-oldrel-macos-arm64 | 0.0.9 | 28.00 | OK | |||
r-oldrel-macos-x86_64 | 0.0.9 | 48.00 | OK | |||
r-oldrel-windows-ix86+x86_64 | 0.0.9 | 51.00 | 91.00 | 142.00 | OK |
Version: 0.0.9
Check: package dependencies
Result: NOTE
Package suggested but not available for checking: ‘SMITIDstruct’
Flavor: r-release-macos-arm64