Last updated on 2025-04-29 12:52:50 CEST.
Flavor | Version | Tinstall | Tcheck | Ttotal | Status | Flags |
---|---|---|---|---|---|---|
r-devel-linux-x86_64-debian-clang | 0.0-3 | 1.48 | 19.67 | 21.15 | NOTE | |
r-devel-linux-x86_64-debian-gcc | 0.0-3 | 1.30 | 16.24 | 17.54 | NOTE | |
r-devel-linux-x86_64-fedora-clang | 0.0-3 | 32.77 | NOTE | |||
r-devel-linux-x86_64-fedora-gcc | 0.0-3 | 31.78 | NOTE | |||
r-devel-windows-x86_64 | 0.0-3 | 3.00 | 38.00 | 41.00 | NOTE | |
r-patched-linux-x86_64 | 0.0-3 | 1.60 | 19.16 | 20.76 | NOTE | |
r-release-linux-x86_64 | 0.0-3 | 1.37 | 19.05 | 20.42 | NOTE | |
r-release-macos-arm64 | 0.0-3 | 17.00 | NOTE | |||
r-release-macos-x86_64 | 0.0-3 | 23.00 | NOTE | |||
r-release-windows-x86_64 | 0.0-3 | 3.00 | 39.00 | 42.00 | NOTE | |
r-oldrel-macos-arm64 | 0.0-3 | 16.00 | NOTE | |||
r-oldrel-macos-x86_64 | 0.0-3 | 22.00 | NOTE | |||
r-oldrel-windows-x86_64 | 0.0-3 | 3.00 | 39.00 | 42.00 | NOTE |
Version: 0.0-3
Check: CRAN incoming feasibility
Result: NOTE
Maintainer: ‘Tobias Verbeke <tobias.verbeke@openanalytics.eu>’
No Authors@R field in DESCRIPTION.
Please add one, modifying
Authors@R: c(person(given = "Tobias",
family = "Verbeke",
role = c("aut", "cre"),
email = "tobias.verbeke@openanalytics.eu"),
person(given = c("based", "on", "datasets", "provided", "on", "the", "book's"),
family = "website",
role = "aut"))
as necessary.
Flavors: r-devel-linux-x86_64-debian-clang, r-devel-linux-x86_64-debian-gcc
Version: 0.0-3
Check: DESCRIPTION meta-information
Result: NOTE
Malformed Title field: should not end in a period.
Flavors: r-devel-linux-x86_64-debian-clang, r-devel-linux-x86_64-debian-gcc, r-devel-linux-x86_64-fedora-clang, r-devel-linux-x86_64-fedora-gcc, r-devel-windows-x86_64, r-patched-linux-x86_64, r-release-linux-x86_64, r-release-macos-arm64, r-release-macos-x86_64, r-release-windows-x86_64, r-oldrel-macos-arm64, r-oldrel-macos-x86_64, r-oldrel-windows-x86_64
Version: 0.0-3
Check: Rd files
Result: NOTE
checkRd: (-1) customerRetentionDemographics.Rd:10: Escaped LaTeX specials: \$
checkRd: (-1) customerRetentionDemographics.Rd:11: Escaped LaTeX specials: \$ \$
checkRd: (-1) customerRetentionDemographics.Rd:12: Escaped LaTeX specials: \$ \$
checkRd: (-1) customerRetentionDemographics.Rd:13: Escaped LaTeX specials: \$ \$
checkRd: (-1) customerRetentionDemographics.Rd:14: Escaped LaTeX specials: \$ \$
checkRd: (-1) customerRetentionDemographics.Rd:15: Escaped LaTeX specials: \$
Flavors: r-devel-linux-x86_64-debian-clang, r-devel-linux-x86_64-debian-gcc, r-devel-linux-x86_64-fedora-clang, r-devel-linux-x86_64-fedora-gcc, r-devel-windows-x86_64, r-patched-linux-x86_64, r-release-linux-x86_64, r-release-macos-arm64, r-release-macos-x86_64, r-release-windows-x86_64, r-oldrel-macos-arm64, r-oldrel-macos-x86_64, r-oldrel-windows-x86_64