Last updated on 2024-04-26 12:54:51 CEST.
Flavor | Version | Tinstall | Tcheck | Ttotal | Status | Flags |
---|---|---|---|---|---|---|
r-devel-linux-x86_64-debian-clang | 0.1.1 | 3.65 | 39.30 | 42.95 | NOTE | |
r-devel-linux-x86_64-debian-gcc | 0.1.1 | 2.81 | 29.81 | 32.62 | NOTE | |
r-devel-linux-x86_64-fedora-clang | 0.1.1 | 52.47 | NOTE | |||
r-devel-linux-x86_64-fedora-gcc | 0.1.1 | 51.13 | NOTE | |||
r-devel-windows-x86_64 | 0.1.1 | 4.00 | 50.00 | 54.00 | NOTE | |
r-patched-linux-x86_64 | 0.1.1 | 3.18 | 38.19 | 41.37 | NOTE | |
r-release-linux-x86_64 | 0.1.1 | 3.32 | 38.67 | 41.99 | NOTE | |
r-release-macos-arm64 | 0.1.1 | 24.00 | NOTE | |||
r-release-windows-x86_64 | 0.1.1 | 4.00 | 51.00 | 55.00 | NOTE | |
r-oldrel-macos-arm64 | 0.1.1 | 22.00 | NOTE | |||
r-oldrel-macos-x86_64 | 0.1.1 | 50.00 | NOTE | |||
r-oldrel-windows-x86_64 | 0.1.1 | 6.00 | 55.00 | 61.00 | NOTE |
Version: 0.1.1
Check: LazyData
Result: NOTE
'LazyData' is specified without a 'data' directory
Flavors: r-devel-linux-x86_64-debian-clang, r-devel-linux-x86_64-debian-gcc, r-devel-linux-x86_64-fedora-clang, r-devel-linux-x86_64-fedora-gcc, r-devel-windows-x86_64, r-patched-linux-x86_64, r-release-linux-x86_64, r-release-macos-arm64, r-release-windows-x86_64, r-oldrel-macos-arm64, r-oldrel-macos-x86_64, r-oldrel-windows-x86_64
Version: 0.1.1
Check: dependencies in R code
Result: NOTE
Namespace in Imports field not imported from: ‘covr’
All declared Imports should be used.
Flavors: r-devel-linux-x86_64-fedora-clang, r-devel-linux-x86_64-fedora-gcc