CRAN Package Check Results for Package SLTCA

Last updated on 2022-06-24 11:52:19 CEST.

Flavor Version Tinstall Tcheck Ttotal Status Flags
r-devel-linux-x86_64-debian-clang 0.1.0 4.45 44.46 48.91 NOTE
r-devel-linux-x86_64-debian-gcc 0.1.0 3.04 33.26 36.30 NOTE
r-devel-linux-x86_64-fedora-clang 0.1.0 67.29 NOTE
r-devel-linux-x86_64-fedora-gcc 0.1.0 66.48 NOTE
r-devel-windows-x86_64 0.1.0 9.00 76.00 85.00 NOTE
r-patched-linux-x86_64 0.1.0 4.25 42.46 46.71 NOTE
r-release-linux-x86_64 0.1.0 2.69 41.78 44.47 NOTE
r-release-macos-arm64 0.1.0 21.00 NOTE
r-release-macos-x86_64 0.1.0 34.00 NOTE
r-release-windows-x86_64 0.1.0 9.00 71.00 80.00 NOTE
r-oldrel-macos-arm64 0.1.0 26.00 NOTE
r-oldrel-macos-x86_64 0.1.0 40.00 NOTE
r-oldrel-windows-ix86+x86_64 0.1.0 8.00 63.00 71.00 NOTE

Check Details

Version: 0.1.0
Check: LazyData
Result: NOTE
     'LazyData' is specified without a 'data' directory
Flavors: r-devel-linux-x86_64-debian-clang, r-devel-linux-x86_64-debian-gcc, r-devel-linux-x86_64-fedora-clang, r-devel-linux-x86_64-fedora-gcc, r-devel-windows-x86_64, r-patched-linux-x86_64, r-release-linux-x86_64, r-release-macos-arm64, r-release-macos-x86_64, r-release-windows-x86_64, r-oldrel-macos-arm64, r-oldrel-macos-x86_64, r-oldrel-windows-ix86+x86_64