Last updated on 2025-05-07 11:55:43 CEST.
Flavor | Version | Tinstall | Tcheck | Ttotal | Status | Flags |
---|---|---|---|---|---|---|
r-devel-linux-x86_64-debian-clang | 0.0.4 | 44.45 | 218.82 | 263.27 | NOTE | |
r-devel-linux-x86_64-debian-gcc | 0.0.4 | 37.81 | 152.46 | 190.27 | NOTE | |
r-devel-linux-x86_64-fedora-clang | 0.0.4 | 434.19 | NOTE | |||
r-devel-linux-x86_64-fedora-gcc | 0.0.4 | 412.10 | NOTE | |||
r-devel-windows-x86_64 | 0.0.4 | 47.00 | 199.00 | 246.00 | NOTE | |
r-patched-linux-x86_64 | 0.0.4 | 44.51 | 204.83 | 249.34 | NOTE | |
r-release-linux-x86_64 | 0.0.4 | 42.57 | 203.96 | 246.53 | NOTE | |
r-release-macos-arm64 | 0.0.4 | 148.00 | NOTE | |||
r-release-macos-x86_64 | 0.0.4 | 202.00 | NOTE | |||
r-release-windows-x86_64 | 0.0.4 | 45.00 | 198.00 | 243.00 | NOTE | |
r-oldrel-macos-arm64 | 0.0.4 | 138.00 | NOTE | |||
r-oldrel-macos-x86_64 | 0.0.4 | 185.00 | NOTE | |||
r-oldrel-windows-x86_64 | 0.0.4 | 61.00 | 263.00 | 324.00 | NOTE |
Version: 0.0.4
Check: Rd files
Result: NOTE
checkRd: (-1) outliers.hdts.Rd:44: Lost braces; missing escapes or markup?
44 | \item I.cov.rob - The matrix (V'GnV)^{-1} used to compute the statistics to detect the idiosyncratic outliers.
| ^
Flavors: r-devel-linux-x86_64-debian-clang, r-devel-linux-x86_64-debian-gcc, r-devel-linux-x86_64-fedora-clang, r-devel-linux-x86_64-fedora-gcc, r-devel-windows-x86_64, r-patched-linux-x86_64, r-release-linux-x86_64, r-release-macos-arm64, r-release-macos-x86_64, r-release-windows-x86_64, r-oldrel-macos-arm64, r-oldrel-macos-x86_64, r-oldrel-windows-x86_64
Version: 0.0.4
Check: installed package size
Result: NOTE
installed size is 5.6Mb
sub-directories of 1Mb or more:
data 5.1Mb
Flavors: r-oldrel-macos-arm64, r-oldrel-macos-x86_64, r-oldrel-windows-x86_64