Last updated on 2025-05-12 13:50:28 CEST.
Flavor | Version | Tinstall | Tcheck | Ttotal | Status | Flags |
---|---|---|---|---|---|---|
r-devel-linux-x86_64-debian-clang | 0.4.1 | 27.53 | 197.41 | 224.94 | OK | |
r-devel-linux-x86_64-debian-gcc | 0.4.1 | 18.47 | 134.59 | 153.06 | OK | |
r-devel-linux-x86_64-fedora-clang | 0.4.1 | 327.53 | OK | |||
r-devel-linux-x86_64-fedora-gcc | 0.4.1 | 318.57 | OK | |||
r-devel-windows-x86_64 | 0.4.1 | 33.00 | 212.00 | 245.00 | ERROR | |
r-patched-linux-x86_64 | 0.4.1 | 29.33 | 160.40 | 189.73 | OK | |
r-release-linux-x86_64 | 0.4.1 | 27.95 | 160.75 | 188.70 | OK | |
r-release-macos-arm64 | 0.4.1 | 101.00 | OK | |||
r-release-macos-x86_64 | 0.4.1 | 193.00 | OK | |||
r-release-windows-x86_64 | 0.4.1 | 32.00 | 213.00 | 245.00 | OK | |
r-oldrel-macos-arm64 | 0.4.1 | 91.00 | OK | |||
r-oldrel-macos-x86_64 | 0.4.1 | 186.00 | OK | |||
r-oldrel-windows-x86_64 | 0.4.1 | 40.00 | 261.00 | 301.00 | OK |
Version: 0.4.1
Check: tests
Result: ERROR
Running 'testthat.R' [12s]
Running the tests in 'tests/testthat.R' failed.
Complete output:
> library(testthat)
> library(SIMplyBee)
Loading required package: AlphaSimR
Loading required package: R6
Attaching package: 'SIMplyBee'
The following object is masked from 'package:base':
split
>
> test_check("SIMplyBee")
sex
A B F M
1 1 106 200
[1] "Cross plan, drone colonies"
Randomly pulling colonies: 2
Randomly selecting colonies: 1
Randomly selecting colonies: 1
Randomly selecting colonies: 1
Randomly selecting colonies: 1
Randomly selecting colonies: 0
Randomly selecting colonies: 0
Randomly selecting colonies: 1
Randomly selecting colonies: 1
Randomly selecting colonies: 1
Randomly selecting colonies: 1
Randomly selecting colonies: 0
Randomly selecting colonies: 0
Randomly selecting colonies: 1
Randomly pulling colonies: 1
Randomly pulling colonies: 1
Randomly pulling colonies: 1
Randomly pulling colonies: 1
Randomly pulling colonies: 3
Randomly pulling colonies: 1
[ FAIL 1 | WARN 2 | SKIP 0 | PASS 476 ]
══ Failed tests ════════════════════════════════════════════════════════════════
── Error ('test-L2_colony_functions.R:73:4'): Add functions ────────────────────
Error in `pullDroneGroupsFromDCA(drones, n = 5, nDrones = nFathersPoisson,
simParamBee = SP)`: We ran out of drones in the DCA!
Backtrace:
▆
1. └─SIMplyBee::pullDroneGroupsFromDCA(...) at test-L2_colony_functions.R:73:4
[ FAIL 1 | WARN 2 | SKIP 0 | PASS 476 ]
Error: Test failures
Execution halted
Flavor: r-devel-windows-x86_64