CRAN Package Check Results for Package SIGN

Last updated on 2022-06-30 11:53:19 CEST.

Flavor Version Tinstall Tcheck Ttotal Status Flags
r-devel-linux-x86_64-debian-clang 0.1.0 48.44 400.60 449.04 NOTE
r-devel-linux-x86_64-debian-gcc 0.1.0 38.60 300.19 338.79 NOTE
r-devel-linux-x86_64-fedora-clang 0.1.0 562.56 NOTE
r-devel-linux-x86_64-fedora-gcc 0.1.0 580.36 NOTE
r-devel-windows-x86_64 0.1.0 57.00 377.00 434.00 NOTE
r-patched-linux-x86_64 0.1.0 33.82 376.55 410.37 NOTE
r-release-linux-x86_64 0.1.0 33.19 381.34 414.53 NOTE
r-release-macos-arm64 0.1.0 129.00 NOTE
r-release-macos-x86_64 0.1.0 185.00 NOTE
r-release-windows-x86_64 0.1.0 47.00 361.00 408.00 NOTE
r-oldrel-macos-arm64 0.1.0 178.00 NOTE
r-oldrel-macos-x86_64 0.1.0 269.00 NOTE
r-oldrel-windows-ix86+x86_64 0.1.0 69.00 8.00 77.00 ERROR

Check Details

Version: 0.1.0
Check: LazyData
Result: NOTE
     'LazyData' is specified without a 'data' directory
Flavors: r-devel-linux-x86_64-debian-clang, r-devel-linux-x86_64-debian-gcc, r-devel-linux-x86_64-fedora-clang, r-devel-linux-x86_64-fedora-gcc, r-devel-windows-x86_64, r-patched-linux-x86_64, r-release-linux-x86_64, r-release-macos-arm64, r-release-macos-x86_64, r-release-windows-x86_64, r-oldrel-macos-arm64, r-oldrel-macos-x86_64

Version: 0.1.0
Check: dependencies in R code
Result: NOTE
    Namespace in Imports field not imported from: ‘utils’
     All declared Imports should be used.
Flavors: r-devel-linux-x86_64-fedora-clang, r-devel-linux-x86_64-fedora-gcc, r-release-macos-arm64, r-release-macos-x86_64, r-oldrel-macos-arm64, r-oldrel-macos-x86_64

Version: 0.1.0
Check: whether package can be installed
Result: ERROR
    Installation failed.
Flavor: r-oldrel-windows-ix86+x86_64