Last updated on 2023-09-27 12:03:01 CEST.
Flavor | Version | Tinstall | Tcheck | Ttotal | Status | Flags |
---|---|---|---|---|---|---|
r-devel-linux-x86_64-debian-clang | 0.1.0 | 24.04 | 163.25 | 187.29 | OK | |
r-devel-linux-x86_64-debian-gcc | 0.1.0 | 15.89 | 120.21 | 136.10 | OK | |
r-devel-linux-x86_64-fedora-clang | 0.1.0 | 220.65 | NOTE | |||
r-devel-linux-x86_64-fedora-gcc | 0.1.0 | 235.02 | OK | |||
r-devel-windows-x86_64 | 0.1.0 | 21.00 | 124.00 | 145.00 | OK | |
r-patched-linux-x86_64 | 0.1.0 | 22.55 | 149.29 | 171.84 | OK | |
r-release-linux-x86_64 | 0.1.0 | 15.58 | 151.69 | 167.27 | OK | |
r-release-macos-arm64 | 0.1.0 | 66.00 | OK | |||
r-release-macos-x86_64 | 0.1.0 | 111.00 | OK | |||
r-release-windows-x86_64 | 0.1.0 | 28.00 | 151.00 | 179.00 | OK | |
r-oldrel-macos-arm64 | 0.1.0 | 66.00 | OK | |||
r-oldrel-macos-x86_64 | 0.1.0 | 85.00 | OK | |||
r-oldrel-windows-x86_64 | 0.1.0 | 28.00 | 160.00 | 188.00 | OK |
Version: 0.1.0
Check: package dependencies
Result: NOTE
Imports includes 22 non-default packages.
Importing from so many packages makes the package vulnerable to any of
them becoming unavailable. Move as many as possible to Suggests and
use conditionally.
Flavor: r-devel-linux-x86_64-fedora-clang