CRAN Package Check Results for Package SI

Last updated on 2024-07-20 11:49:20 CEST.

Flavor Version Tinstall Tcheck Ttotal Status Flags
r-devel-linux-x86_64-debian-clang 0.2.0 2.03 26.02 28.05 NOTE
r-devel-linux-x86_64-debian-gcc 0.2.0 1.55 19.38 20.93 NOTE
r-devel-linux-x86_64-fedora-clang 0.2.0 35.90 NOTE
r-devel-linux-x86_64-fedora-gcc 0.2.0 50.17 NOTE
r-devel-windows-x86_64 0.2.0 2.00 42.00 44.00 NOTE
r-patched-linux-x86_64 0.2.0 1.53 25.07 26.60 NOTE
r-release-linux-x86_64 0.2.0 1.54 24.82 26.36 NOTE
r-release-macos-arm64 0.2.0 20.00 NOTE
r-release-macos-x86_64 0.2.0 32.00 NOTE
r-release-windows-x86_64 0.2.0 3.00 42.00 45.00 NOTE
r-oldrel-macos-arm64 0.2.0 21.00 NOTE
r-oldrel-macos-x86_64 0.2.0 34.00 NOTE
r-oldrel-windows-x86_64 0.2.0 4.00 43.00 47.00 NOTE

Check Details

Version: 0.2.0
Check: LazyData
Result: NOTE 'LazyData' is specified without a 'data' directory Flavors: r-devel-linux-x86_64-debian-clang, r-devel-linux-x86_64-debian-gcc, r-devel-linux-x86_64-fedora-clang, r-devel-linux-x86_64-fedora-gcc, r-devel-windows-x86_64, r-patched-linux-x86_64, r-release-linux-x86_64, r-release-macos-arm64, r-release-macos-x86_64, r-release-windows-x86_64, r-oldrel-macos-arm64, r-oldrel-macos-x86_64, r-oldrel-windows-x86_64