Last updated on 2024-08-16 12:49:20 CEST.
Flavor | Version | Tinstall | Tcheck | Ttotal | Status | Flags |
---|---|---|---|---|---|---|
r-devel-linux-x86_64-debian-clang | 28.0-0.0 | 68.11 | 46.22 | 114.33 | OK | |
r-devel-linux-x86_64-debian-gcc | 28.0-0.0 | 51.58 | 33.69 | 85.27 | OK | |
r-devel-linux-x86_64-fedora-clang | 28.0-0.0 | 184.64 | NOTE | |||
r-devel-linux-x86_64-fedora-gcc | 28.0-0.0 | 202.19 | OK | |||
r-devel-windows-x86_64 | 28.0-0.0 | 65.00 | 67.00 | 132.00 | NOTE | |
r-patched-linux-x86_64 | 28.0-0.0 | 72.32 | 44.25 | 116.57 | OK | |
r-release-linux-x86_64 | 28.0-0.0 | 75.45 | 44.64 | 120.09 | OK | |
r-release-macos-arm64 | 28.0-0.0 | 88.00 | NOTE | |||
r-release-macos-x86_64 | 28.0-0.0 | 236.00 | NOTE | |||
r-release-windows-x86_64 | 28.0-0.0 | 65.00 | 66.00 | 131.00 | NOTE | |
r-oldrel-macos-arm64 | 28.0-0.0 | 100.00 | ERROR | |||
r-oldrel-macos-x86_64 | 28.0-0.0 | 176.00 | ERROR | |||
r-oldrel-windows-x86_64 | 28.0-0.0 | 66.00 | 71.00 | 137.00 | NOTE |
Version: 28.0-0.0
Check: installed package size
Result: NOTE
installed size is 6.9Mb
sub-directories of 1Mb or more:
data 6.7Mb
Flavors: r-devel-linux-x86_64-fedora-clang, r-devel-windows-x86_64, r-release-macos-arm64, r-release-macos-x86_64, r-release-windows-x86_64, r-oldrel-macos-arm64, r-oldrel-macos-x86_64, r-oldrel-windows-x86_64
Version: 28.0-0.0
Check: running R code from vignettes
Result: ERROR
Errors in running code in vignettes:
when running code in ‘SGPdata.Rmd’
...
> knitr::opts_chunk$set(collapse = TRUE, comment = "",
+ prompt = TRUE, fig.dpi = 96)
> if (is_html_output()) {
+ options(width = 1000)
+ }
When sourcing ‘SGPdata.R’:
Error: argument is of length zero
Execution halted
‘SGPdata.Rmd’... failed
Flavors: r-oldrel-macos-arm64, r-oldrel-macos-x86_64