CRAN Package Check Results for Package SGP

Last updated on 2022-07-04 12:54:21 CEST.

Flavor Version Tinstall Tcheck Ttotal Status Flags
r-devel-linux-x86_64-debian-clang 2.0-0.0 62.60 310.57 373.17 OK
r-devel-linux-x86_64-debian-gcc 2.0-0.0 52.80 225.97 278.77 OK
r-devel-linux-x86_64-fedora-clang 2.0-0.0 447.94 WARN
r-devel-linux-x86_64-fedora-gcc 2.0-0.0 455.69 WARN
r-devel-windows-x86_64 2.0-0.0 72.00 306.00 378.00 NOTE
r-patched-linux-x86_64 2.0-0.0 63.94 295.95 359.89 OK
r-release-linux-x86_64 2.0-0.0 46.91 293.82 340.73 OK
r-release-macos-arm64 2.0-0.0 106.00 NOTE
r-release-macos-x86_64 2.0-0.0 144.00 NOTE
r-release-windows-x86_64 2.0-0.0 77.00 325.00 402.00 NOTE
r-oldrel-macos-arm64 2.0-0.0 107.00 NOTE
r-oldrel-macos-x86_64 2.0-0.0 148.00 NOTE
r-oldrel-windows-ix86+x86_64 2.0-0.0 109.00 326.00 435.00 NOTE

Check Details

Version: 2.0-0.0
Check: package dependencies
Result: WARN
    Imports includes 22 non-default packages.
    Importing from so many packages makes the package vulnerable to any of
    them becoming unavailable. Move as many as possible to Suggests and
    use conditionally.
    
    Requires orphaned package: ‘gtools’
Flavor: r-devel-linux-x86_64-fedora-clang

Version: 2.0-0.0
Check: installed package size
Result: NOTE
     installed size is 7.4Mb
     sub-directories of 1Mb or more:
     R 1.3Mb
     doc 5.0Mb
Flavors: r-devel-linux-x86_64-fedora-clang, r-devel-windows-x86_64, r-release-macos-arm64, r-release-macos-x86_64, r-release-windows-x86_64, r-oldrel-macos-arm64, r-oldrel-macos-x86_64, r-oldrel-windows-ix86+x86_64

Version: 2.0-0.0
Check: package dependencies
Result: WARN
    Requires orphaned package: ‘gtools’
Flavor: r-devel-linux-x86_64-fedora-gcc