Last updated on 2023-12-11 11:53:47 CET.
Flavor | Version | Tinstall | Tcheck | Ttotal | Status | Flags |
---|---|---|---|---|---|---|
r-devel-linux-x86_64-debian-clang | 1.3.1 | 13.54 | 532.68 | 546.22 | WARN | |
r-devel-linux-x86_64-debian-gcc | 1.3.1 | 13.75 | 380.45 | 394.20 | WARN | |
r-devel-linux-x86_64-fedora-clang | 1.3.1 | 674.84 | WARN | |||
r-devel-linux-x86_64-fedora-gcc | 1.3.1 | 768.46 | WARN | |||
r-devel-windows-x86_64 | 1.3.1 | 114.00 | 482.00 | 596.00 | WARN | |
r-patched-linux-x86_64 | 1.3.1 | 10.55 | 445.00 | 455.55 | OK | |
r-release-linux-x86_64 | 1.3.1 | 10.45 | 449.86 | 460.31 | OK | |
r-release-macos-arm64 | 1.3.1 | 264.00 | OK | |||
r-release-macos-x86_64 | 1.3.1 | 922.00 | OK | |||
r-release-windows-x86_64 | 1.3.1 | 133.00 | 552.00 | 685.00 | OK | |
r-oldrel-macos-arm64 | 1.3.1 | 425.00 | OK | |||
r-oldrel-macos-x86_64 | 1.2.0 | 48.00 | OK | |||
r-oldrel-windows-x86_64 | 1.3.1 | 152.00 | 954.00 | 1106.00 | OK |
Version: 1.3.1
Check: whether package can be installed
Result: WARN
Found the following significant warnings:
c_functions.c:279:81: warning: format specifies type 'int' but the argument has type 'long long' [-Wformat]
c_functions.c:288:86: warning: format specifies type 'int' but the argument has type 'long long' [-Wformat]
See ‘/home/hornik/tmp/R.check/r-devel-clang/Work/PKGS/SFSI.Rcheck/00install.out’ for details.
* used C compiler: ‘Debian clang version 17.0.5 (1)’
Flavor: r-devel-linux-x86_64-debian-clang
Version: 1.3.1
Check: whether package can be installed
Result: WARN
Found the following significant warnings:
c_functions.c:279:32: warning: format ‘%d’ expects argument of type ‘int’, but argument 2 has type ‘long long int’ [-Wformat=]
c_functions.c:288:35: warning: format ‘%d’ expects argument of type ‘int’, but argument 2 has type ‘long long int’ [-Wformat=]
See ‘/home/hornik/tmp/R.check/r-devel-gcc/Work/PKGS/SFSI.Rcheck/00install.out’ for details.
* used C compiler: ‘gcc-13 (Debian 13.2.0-7) 13.2.0’
Flavor: r-devel-linux-x86_64-debian-gcc
Version: 1.3.1
Check: whether package can be installed
Result: WARN
Found the following significant warnings:
c_functions.c:279:81: warning: format specifies type 'int' but the argument has type 'long long' [-Wformat]
c_functions.c:288:86: warning: format specifies type 'int' but the argument has type 'long long' [-Wformat]
See ‘/data/gannet/ripley/R/packages/tests-clang/SFSI.Rcheck/00install.out’ for details.
* used C compiler: ‘clang version 17.0.5’
Flavor: r-devel-linux-x86_64-fedora-clang
Version: 1.3.1
Check: whether package can be installed
Result: WARN
Found the following significant warnings:
c_functions.c:279:32: warning: format '%d' expects argument of type 'int', but argument 2 has type 'long long int' [-Wformat=]
c_functions.c:288:35: warning: format '%d' expects argument of type 'int', but argument 2 has type 'long long int' [-Wformat=]
See ‘/data/gannet/ripley/R/packages/tests-devel/SFSI.Rcheck/00install.out’ for details.
* used C compiler: ‘gcc-13 (GCC) 13.2.0’
Flavor: r-devel-linux-x86_64-fedora-gcc
Version: 1.3.1
Check: whether package can be installed
Result: WARN
Found the following significant warnings:
c_functions.c:279:32: warning: format '%d' expects argument of type 'int', but argument 2 has type 'long long int' [-Wformat=]
c_functions.c:288:35: warning: format '%d' expects argument of type 'int', but argument 2 has type 'long long int' [-Wformat=]
See 'd:/Rcompile/CRANpkg/local/4.4/SFSI.Rcheck/00install.out' for details.
* used C compiler: 'gcc.exe (GCC) 12.3.0'
Flavor: r-devel-windows-x86_64