Last updated on 2024-03-28 09:51:56 CET.
Flavor | Version | Tinstall | Tcheck | Ttotal | Status | Flags |
---|---|---|---|---|---|---|
r-devel-linux-x86_64-debian-clang | 0.1.4 | 49.85 | 28.65 | 78.50 | NOTE | |
r-devel-linux-x86_64-debian-gcc | 0.1.4 | 38.40 | 23.35 | 61.75 | NOTE | |
r-devel-linux-x86_64-fedora-clang | 0.1.4 | 116.61 | NOTE | |||
r-devel-linux-x86_64-fedora-gcc | 0.1.4 | 115.64 | NOTE | |||
r-devel-windows-x86_64 | 0.1.4 | 40.00 | 66.00 | 106.00 | NOTE | |
r-patched-linux-x86_64 | 0.1.4 | 55.98 | 29.36 | 85.34 | NOTE | |
r-release-linux-x86_64 | 0.1.4 | 54.00 | 29.04 | 83.04 | NOTE | |
r-release-macos-arm64 | 0.1.4 | 37.00 | NOTE | |||
r-release-macos-x86_64 | 0.1.4 | 55.00 | NOTE | |||
r-release-windows-x86_64 | 0.1.4 | 49.00 | 77.00 | 126.00 | NOTE | |
r-oldrel-macos-arm64 | 0.1.4 | 33.00 | OK | |||
r-oldrel-windows-x86_64 | 0.1.4 | 48.00 | 74.00 | 122.00 | OK |
Version: 0.1.4
Check: C++ specification
Result: NOTE
Specified C++11: please drop specification unless essential
Flavors: r-devel-linux-x86_64-debian-clang, r-devel-linux-x86_64-debian-gcc, r-devel-linux-x86_64-fedora-clang, r-devel-linux-x86_64-fedora-gcc, r-devel-windows-x86_64, r-patched-linux-x86_64, r-release-linux-x86_64, r-release-macos-arm64, r-release-macos-x86_64, r-release-windows-x86_64