Last updated on 2024-04-18 12:53:01 CEST.
Flavor | Version | Tinstall | Tcheck | Ttotal | Status | Flags |
---|---|---|---|---|---|---|
r-devel-linux-x86_64-debian-clang | 1.0.1 | 1.63 | 38.56 | 40.19 | NOTE | |
r-devel-linux-x86_64-debian-gcc | 1.0.1 | 2.00 | 29.97 | 31.97 | NOTE | |
r-devel-linux-x86_64-fedora-clang | 1.0.1 | 51.74 | NOTE | |||
r-devel-linux-x86_64-fedora-gcc | 1.0.1 | 48.56 | NOTE | |||
r-prerel-macos-arm64 | 1.0.1 | 21.00 | NOTE | |||
r-prerel-windows-x86_64 | 1.0.1 | 3.00 | 56.00 | 59.00 | NOTE | |
r-patched-linux-x86_64 | 1.0.1 | 2.93 | 37.23 | 40.16 | NOTE | |
r-release-linux-x86_64 | 1.0.1 | 2.62 | 38.10 | 40.72 | NOTE | |
r-release-macos-arm64 | 1.0.1 | 23.00 | NOTE | |||
r-release-macos-x86_64 | 1.0.1 | 29.00 | NOTE | |||
r-release-windows-x86_64 | 1.0.1 | 4.00 | 60.00 | 64.00 | NOTE | |
r-oldrel-macos-arm64 | 1.0.1 | 21.00 | OK | |||
r-oldrel-windows-x86_64 | 1.0.1 | 4.00 | 62.00 | 66.00 | OK |
Version: 1.0.1
Check: Rd files
Result: NOTE
checkRd: (-1) SEset_to_network.Rd:50: Escaped LaTeX specials: \&
checkRd: (-1) network_to_SEset.Rd:72: Escaped LaTeX specials: \&
checkRd: (-1) network_to_path.Rd:50: Escaped LaTeX specials: \&
checkRd: (-1) path_to_network.Rd:29: Escaped LaTeX specials: \&
Flavors: r-devel-linux-x86_64-debian-clang, r-devel-linux-x86_64-debian-gcc, r-devel-linux-x86_64-fedora-clang, r-devel-linux-x86_64-fedora-gcc, r-prerel-macos-arm64, r-prerel-windows-x86_64, r-patched-linux-x86_64, r-release-linux-x86_64, r-release-macos-arm64, r-release-macos-x86_64, r-release-windows-x86_64