CRAN Package Check Results for Package SEPaLS

Last updated on 2024-04-20 11:50:31 CEST.

Flavor Version Tinstall Tcheck Ttotal Status Flags
r-devel-linux-x86_64-debian-clang 0.1.0 1.81 23.02 24.83 OK
r-devel-linux-x86_64-debian-gcc 0.1.0 1.64 17.84 19.48 OK
r-devel-linux-x86_64-fedora-clang 0.1.0 32.15 NOTE
r-devel-linux-x86_64-fedora-gcc 0.1.0 30.57 NOTE
r-prerel-macos-arm64 0.1.0 14.00 OK
r-prerel-windows-x86_64 0.1.0 3.00 37.00 40.00 OK
r-patched-linux-x86_64 0.1.0 2.14 21.85 23.99 OK
r-release-linux-x86_64 0.1.0 2.30 21.82 24.12 OK
r-release-macos-arm64 0.1.0 17.00 OK
r-release-macos-x86_64 0.1.0 32.00 OK
r-release-windows-x86_64 0.1.0 7.00 34.00 41.00 OK
r-oldrel-macos-arm64 0.1.0 20.00 OK
r-oldrel-windows-x86_64 0.1.0 6.00 38.00 44.00 OK

Check Details

Version: 0.1.0
Check: data for non-ASCII characters
Result: NOTE Note: found 182 marked UTF-8 strings Flavors: r-devel-linux-x86_64-fedora-clang, r-devel-linux-x86_64-fedora-gcc