CRAN Package Check Results for Package SELF

Last updated on 2024-02-22 12:48:38 CET.

Flavor Version Tinstall Tcheck Ttotal Status Flags
r-devel-linux-x86_64-debian-clang 0.1.1 NOTE
r-devel-linux-x86_64-debian-gcc 0.1.1 20.32 59.56 79.88 NOTE
r-devel-linux-x86_64-fedora-clang 0.1.1 137.76 NOTE
r-devel-linux-x86_64-fedora-gcc 0.1.1 130.31 NOTE
r-devel-windows-x86_64 0.1.1 22.00 88.00 110.00 NOTE
r-patched-linux-x86_64 0.1.1 24.55 77.26 101.81 NOTE
r-release-linux-x86_64 0.1.1 24.80 78.20 103.00 NOTE
r-release-macos-arm64 0.1.1 40.00 NOTE
r-release-macos-x86_64 0.1.1 66.00 NOTE
r-release-windows-x86_64 0.1.1 29.00 110.00 139.00 NOTE
r-oldrel-macos-arm64 0.1.1 40.00 NOTE
r-oldrel-windows-x86_64 0.1.1 27.00 105.00 132.00 NOTE

Check Details

Version: 0.1.1
Check: LazyData
Result: NOTE 'LazyData' is specified without a 'data' directory Flavors: r-devel-linux-x86_64-debian-clang, r-devel-linux-x86_64-debian-gcc, r-devel-linux-x86_64-fedora-clang, r-devel-linux-x86_64-fedora-gcc, r-devel-windows-x86_64, r-patched-linux-x86_64, r-release-linux-x86_64, r-release-macos-arm64, r-release-macos-x86_64, r-release-windows-x86_64, r-oldrel-macos-arm64, r-oldrel-windows-x86_64