CRAN Package Check Results for Package SEIRfansy

Last updated on 2022-06-30 11:53:19 CEST.

Flavor Version Tinstall Tcheck Ttotal Status Flags
r-devel-linux-x86_64-debian-clang 1.1.1 15.78 129.92 145.70 OK
r-devel-linux-x86_64-debian-gcc 1.1.1 12.63 94.32 106.95 OK
r-devel-linux-x86_64-fedora-clang 1.1.1 188.89 NOTE
r-devel-linux-x86_64-fedora-gcc 1.1.1 177.60 NOTE
r-devel-windows-x86_64 1.1.1 20.00 151.00 171.00 OK
r-patched-linux-x86_64 1.1.1 13.06 121.69 134.75 OK
r-release-linux-x86_64 1.1.1 14.36 120.31 134.67 OK
r-release-macos-arm64 1.1.1 46.00 NOTE
r-release-macos-x86_64 1.1.1 80.00 NOTE
r-release-windows-x86_64 1.1.1 28.00 140.00 168.00 OK
r-oldrel-macos-arm64 1.1.1 52.00 NOTE
r-oldrel-macos-x86_64 1.1.1 67.00 NOTE
r-oldrel-windows-ix86+x86_64 1.1.1 35.00 138.00 173.00 OK

Check Details

Version: 1.1.1
Check: dependencies in R code
Result: NOTE
    Namespace in Imports field not imported from: ‘knitr’
     All declared Imports should be used.
Flavors: r-devel-linux-x86_64-fedora-clang, r-devel-linux-x86_64-fedora-gcc, r-release-macos-arm64, r-release-macos-x86_64, r-oldrel-macos-arm64, r-oldrel-macos-x86_64