Last updated on 2025-04-29 12:52:49 CEST.
Flavor | Version | Tinstall | Tcheck | Ttotal | Status | Flags |
---|---|---|---|---|---|---|
r-devel-linux-x86_64-debian-clang | 0.1.5 | 1.50 | 20.21 | 21.71 | NOTE | |
r-devel-linux-x86_64-debian-gcc | 0.1.5 | 1.53 | 16.71 | 18.24 | NOTE | |
r-devel-linux-x86_64-fedora-clang | 0.1.5 | 33.89 | OK | |||
r-devel-linux-x86_64-fedora-gcc | 0.1.5 | 33.50 | OK | |||
r-devel-windows-x86_64 | 0.1.5 | 3.00 | 45.00 | 48.00 | OK | |
r-patched-linux-x86_64 | 0.1.5 | 1.47 | 19.21 | 20.68 | OK | |
r-release-linux-x86_64 | 0.1.5 | 1.79 | 19.41 | 21.20 | OK | |
r-release-macos-arm64 | 0.1.5 | 20.00 | OK | |||
r-release-macos-x86_64 | 0.1.5 | 25.00 | OK | |||
r-release-windows-x86_64 | 0.1.5 | 3.00 | 47.00 | 50.00 | OK | |
r-oldrel-macos-arm64 | 0.1.5 | 17.00 | OK | |||
r-oldrel-macos-x86_64 | 0.1.5 | 22.00 | OK | |||
r-oldrel-windows-x86_64 | 0.1.5 | 4.00 | 46.00 | 50.00 | OK |
Version: 0.1.5
Check: CRAN incoming feasibility
Result: NOTE
Maintainer: ‘Pavel V. Moskalev <moskalefff@gmail.com>’
No Authors@R field in DESCRIPTION.
Please add one, modifying
Authors@R: person(given = c("Pavel", "V."),
family = "Moskalev",
role = c("aut", "cre"),
email = "moskalefff@gmail.com")
as necessary.
The Description field contains
<arXiv:1105.2334v1>.
Please refer to arXiv e-prints via their arXiv DOI <doi:10.48550/arXiv.YYMM.NNNNN>.
Flavors: r-devel-linux-x86_64-debian-clang, r-devel-linux-x86_64-debian-gcc