Last updated on 2023-09-27 12:03:01 CEST.
Flavor | Version | Tinstall | Tcheck | Ttotal | Status | Flags |
---|---|---|---|---|---|---|
r-devel-linux-x86_64-debian-clang | 2.7.3 | 12.12 | 151.13 | 163.25 | OK | |
r-devel-linux-x86_64-debian-gcc | 2.7.3 | 9.89 | 111.76 | 121.65 | OK | |
r-devel-linux-x86_64-fedora-clang | 2.7.3 | 207.28 | NOTE | |||
r-devel-linux-x86_64-fedora-gcc | 2.7.3 | 204.86 | NOTE | |||
r-devel-windows-x86_64 | 2.7.3 | 14.00 | 121.00 | 135.00 | OK | |
r-patched-linux-x86_64 | 2.7.3 | 7.57 | 141.59 | 149.16 | OK | |
r-release-linux-x86_64 | 2.7.3 | 7.42 | 142.91 | 150.33 | OK | |
r-release-macos-arm64 | 2.7.3 | 58.00 | OK | |||
r-release-macos-x86_64 | 2.7.3 | 100.00 | OK | |||
r-release-windows-x86_64 | 2.7.3 | 15.00 | 153.00 | 168.00 | OK | |
r-oldrel-macos-arm64 | 2.7.3 | 55.00 | OK | |||
r-oldrel-macos-x86_64 | 2.7.3 | 74.00 | OK | |||
r-oldrel-windows-x86_64 | 2.7.3 | 15.00 | 159.00 | 174.00 | OK |
Version: 2.7.3
Check: data for non-ASCII characters
Result: NOTE
Note: found 5 marked Latin-1 strings
Note: found 51869 marked UTF-8 strings
Flavors: r-devel-linux-x86_64-fedora-clang, r-devel-linux-x86_64-fedora-gcc