Last updated on 2024-04-24 11:21:04 CEST.
Flavor | Version | Tinstall | Tcheck | Ttotal | Status | Flags |
---|---|---|---|---|---|---|
r-devel-linux-x86_64-debian-clang | 1.0.0 | 53.88 | 608.38 | 662.26 | OK | |
r-devel-linux-x86_64-debian-gcc | 1.0.0 | 48.21 | 439.68 | 487.89 | OK | |
r-devel-linux-x86_64-fedora-clang | 1.0.0 | 906.87 | NOTE | |||
r-devel-linux-x86_64-fedora-gcc | 1.0.0 | 820.33 | NOTE | |||
r-devel-windows-x86_64 | 1.0.0 | 48.00 | 400.00 | 448.00 | OK | |
r-patched-linux-x86_64 | 1.0.0 | 49.63 | 578.92 | 628.55 | OK | |
r-release-linux-x86_64 | 1.0.0 | 38.88 | 597.05 | 635.93 | OK | |
r-release-macos-arm64 | 1.0.0 | 205.00 | OK | |||
r-release-macos-x86_64 | 1.0.0 | 441.00 | OK | |||
r-release-windows-x86_64 | 1.0.0 | 48.00 | 392.00 | 440.00 | OK | |
r-oldrel-macos-arm64 | 1.0.0 | 180.00 | NOTE | |||
r-oldrel-macos-x86_64 | 1.0.0 | 368.00 | OK | |||
r-oldrel-windows-x86_64 | 1.0.0 | 63.00 | 485.00 | 548.00 | OK |
Version: 1.0.0
Check: dependencies in R code
Result: NOTE
Namespaces in Imports field not imported from:
‘BiocManager’ ‘crayon’ ‘knitr’ ‘methods’
All declared Imports should be used.
Flavors: r-devel-linux-x86_64-fedora-clang, r-devel-linux-x86_64-fedora-gcc, r-oldrel-macos-arm64