CRAN Package Check Results for Package SC.MEB

Last updated on 2022-07-03 11:53:49 CEST.

Flavor Version Tinstall Tcheck Ttotal Status Flags
r-devel-linux-x86_64-debian-clang 1.1 58.42 142.16 200.58 OK
r-devel-linux-x86_64-debian-gcc 1.1 41.67 105.10 146.77 OK
r-devel-linux-x86_64-fedora-clang 1.1 262.74 NOTE
r-devel-linux-x86_64-fedora-gcc 1.1 266.33 NOTE
r-devel-windows-x86_64 1.1 56.00 205.00 261.00 OK
r-patched-linux-x86_64 1.1 56.28 131.01 187.29 OK
r-release-linux-x86_64 1.1 36.63 133.82 170.45 OK
r-release-macos-arm64 1.1 6.00 ERROR
r-release-macos-x86_64 1.1 131.00 NOTE
r-release-windows-x86_64 1.1 47.00 208.00 255.00 OK
r-oldrel-macos-arm64 1.1 79.00 NOTE
r-oldrel-macos-x86_64 1.1 93.00 NOTE
r-oldrel-windows-ix86+x86_64 1.1 126.00 264.00 390.00 OK

Check Details

Version: 1.1
Check: dependencies in R code
Result: NOTE
    Namespace in Imports field not imported from: ‘BiocSingular’
     All declared Imports should be used.
Flavors: r-devel-linux-x86_64-fedora-clang, r-devel-linux-x86_64-fedora-gcc, r-release-macos-x86_64, r-oldrel-macos-arm64, r-oldrel-macos-x86_64

Version: 1.1
Check: package dependencies
Result: ERROR
    Package required but not available: ‘scran’
    
    See section ‘The DESCRIPTION file’ in the ‘Writing R Extensions’
    manual.
Flavor: r-release-macos-arm64