Last updated on 2022-07-04 12:54:20 CEST.
Flavor | Version | Tinstall | Tcheck | Ttotal | Status | Flags |
---|---|---|---|---|---|---|
r-devel-linux-x86_64-debian-clang | 0.26 | 2.78 | 39.17 | 41.95 | NOTE | |
r-devel-linux-x86_64-debian-gcc | 0.26 | 2.74 | 30.16 | 32.90 | NOTE | |
r-devel-linux-x86_64-fedora-clang | 0.26 | 61.98 | NOTE | |||
r-devel-linux-x86_64-fedora-gcc | 0.26 | 61.14 | NOTE | |||
r-devel-windows-x86_64 | 0.26 | 10.00 | 61.00 | 71.00 | NOTE | |
r-patched-linux-x86_64 | 0.26 | 3.21 | 38.51 | 41.72 | NOTE | |
r-release-linux-x86_64 | 0.26 | 3.36 | 38.28 | 41.64 | NOTE | |
r-release-macos-arm64 | 0.26 | 19.00 | NOTE | |||
r-release-macos-x86_64 | 0.26 | 31.00 | NOTE | |||
r-release-windows-x86_64 | 0.26 | 6.00 | 62.00 | 68.00 | NOTE | |
r-oldrel-macos-arm64 | 0.26 | 28.00 | NOTE | |||
r-oldrel-macos-x86_64 | 0.26 | 38.00 | NOTE | |||
r-oldrel-windows-ix86+x86_64 | 0.26 | 8.00 | 56.00 | 64.00 | NOTE |
Version: 0.26
Check: DESCRIPTION meta-information
Result: NOTE
Malformed Title field: should not end in a period.
BugReports field is not a suitable URL but appears to contain an email address
not specified by mailto: nor contained in < >
use the Contact field instead
Flavors: r-devel-linux-x86_64-debian-clang, r-devel-linux-x86_64-debian-gcc, r-devel-linux-x86_64-fedora-clang, r-devel-linux-x86_64-fedora-gcc, r-devel-windows-x86_64, r-patched-linux-x86_64, r-release-linux-x86_64, r-release-macos-arm64, r-release-macos-x86_64, r-release-windows-x86_64, r-oldrel-macos-arm64, r-oldrel-macos-x86_64, r-oldrel-windows-ix86+x86_64