Last updated on 2024-04-19 11:57:00 CEST.
Flavor | Version | Tinstall | Tcheck | Ttotal | Status | Flags |
---|---|---|---|---|---|---|
r-devel-linux-x86_64-debian-clang | 1.1.1 | 9.58 | 135.09 | 144.67 | NOTE | |
r-devel-linux-x86_64-debian-gcc | 1.1.1 | NOTE | ||||
r-devel-linux-x86_64-fedora-clang | 1.1.1 | 174.11 | NOTE | |||
r-devel-linux-x86_64-fedora-gcc | 1.1.1 | 176.90 | NOTE | |||
r-prerel-macos-arm64 | 1.1.1 | 58.00 | NOTE | |||
r-prerel-windows-x86_64 | 1.1.1 | 10.00 | 115.00 | 125.00 | NOTE | |
r-patched-linux-x86_64 | 1.1.1 | 8.33 | 125.78 | 134.11 | NOTE | |
r-release-linux-x86_64 | 1.1.1 | 7.97 | 123.90 | 131.87 | NOTE | |
r-release-macos-arm64 | 1.1.1 | 58.00 | NOTE | |||
r-release-macos-x86_64 | 1.1.1 | 97.00 | NOTE | |||
r-release-windows-x86_64 | 1.1.1 | 11.00 | 144.00 | 155.00 | NOTE | |
r-oldrel-macos-arm64 | 1.1.1 | 58.00 | OK | |||
r-oldrel-windows-x86_64 | 1.1.1 | 12.00 | 135.00 | 147.00 | OK |
Version: 1.1.1
Check: package subdirectories
Result: NOTE
Problems with news in ‘NEWS.md’:
Cannot extract version info from the following section titles:
Updated help pages with examples
Updated conjugate model sampler
Flavors: r-devel-linux-x86_64-debian-clang, r-devel-linux-x86_64-debian-gcc, r-devel-linux-x86_64-fedora-clang, r-devel-linux-x86_64-fedora-gcc, r-prerel-macos-arm64, r-prerel-windows-x86_64, r-patched-linux-x86_64, r-release-linux-x86_64, r-release-macos-arm64, r-release-macos-x86_64, r-release-windows-x86_64