CRAN Package Check Results for Package SAutomata

Last updated on 2025-04-29 12:52:49 CEST.

Flavor Version Tinstall Tcheck Ttotal Status Flags
r-devel-linux-x86_64-debian-clang 0.1.0 2.05 25.71 27.76 NOTE
r-devel-linux-x86_64-debian-gcc 0.1.0 1.52 18.36 19.88 OK
r-devel-linux-x86_64-fedora-clang 0.1.0 45.73 OK
r-devel-linux-x86_64-fedora-gcc 0.1.0 42.71 OK
r-devel-windows-x86_64 0.1.0 3.00 42.00 45.00 OK
r-patched-linux-x86_64 0.1.0 2.16 24.27 26.43 OK
r-release-linux-x86_64 0.1.0 2.14 24.08 26.22 OK
r-release-macos-arm64 0.1.0 17.00 OK
r-release-macos-x86_64 0.1.0 31.00 OK
r-release-windows-x86_64 0.1.0 3.00 43.00 46.00 OK
r-oldrel-macos-arm64 0.1.0 15.00 NOTE
r-oldrel-macos-x86_64 0.1.0 24.00 NOTE
r-oldrel-windows-x86_64 0.1.0 3.00 42.00 45.00 NOTE

Check Details

Version: 0.1.0
Check: examples
Result: NOTE Examples with CPU (user + system) or elapsed time > 5s user system elapsed BaumWelch 7.367 0.004 8.508 Flavor: r-devel-linux-x86_64-debian-clang

Version: 0.1.0
Check: LazyData
Result: NOTE 'LazyData' is specified without a 'data' directory Flavors: r-oldrel-macos-arm64, r-oldrel-macos-x86_64, r-oldrel-windows-x86_64