CRAN Package Check Results for Package SAVER

Last updated on 2023-12-03 11:50:49 CET.

Flavor Version Tinstall Tcheck Ttotal Status Flags
r-devel-linux-x86_64-debian-clang 1.1.2 6.23 48.85 55.08 OK
r-devel-linux-x86_64-debian-gcc 1.1.2 5.36 36.73 42.09 OK
r-devel-linux-x86_64-fedora-clang 1.1.2 71.24 NOTE
r-devel-linux-x86_64-fedora-gcc 1.1.2 79.51 NOTE
r-devel-windows-x86_64 1.1.2 8.00 63.00 71.00 OK
r-patched-linux-x86_64 1.1.2 9.26 46.05 55.31 OK
r-release-linux-x86_64 1.1.2 7.00 45.66 52.66 OK
r-release-macos-arm64 1.1.2 35.00 OK
r-release-macos-x86_64 1.1.2 45.00 OK
r-release-windows-x86_64 1.1.2 11.00 65.00 76.00 OK
r-oldrel-macos-arm64 1.1.2 26.00 NOTE
r-oldrel-macos-x86_64 1.1.2 35.00 NOTE
r-oldrel-windows-x86_64 1.1.2 10.00 67.00 77.00 OK

Check Details

Version: 1.1.2
Check: dependencies in R code
Result: NOTE Namespace in Imports field not imported from: ‘methods’ All declared Imports should be used. Flavors: r-devel-linux-x86_64-fedora-clang, r-devel-linux-x86_64-fedora-gcc, r-oldrel-macos-arm64, r-oldrel-macos-x86_64