CRAN Package Check Results for Package SAVER

Last updated on 2022-06-28 12:52:36 CEST.

Flavor Version Tinstall Tcheck Ttotal Status Flags
r-devel-linux-x86_64-debian-clang 1.1.2 6.97 45.33 52.30 OK
r-devel-linux-x86_64-debian-gcc 1.1.2 7.57 34.88 42.45 OK
r-devel-linux-x86_64-fedora-clang 1.1.2 75.02 NOTE
r-devel-linux-x86_64-fedora-gcc 1.1.2 75.48 NOTE
r-devel-windows-x86_64 1.1.2 18.00 82.00 100.00 OK
r-patched-linux-x86_64 1.1.2 8.03 45.26 53.29 OK
r-release-linux-x86_64 1.1.2 7.26 44.73 51.99 OK
r-release-macos-arm64 1.1.2 26.00 NOTE
r-release-macos-x86_64 1.1.2 35.00 NOTE
r-release-windows-x86_64 1.1.2 17.00 81.00 98.00 OK
r-oldrel-macos-arm64 1.1.2 36.00 NOTE
r-oldrel-macos-x86_64 1.1.2 48.00 NOTE
r-oldrel-windows-ix86+x86_64 1.1.2 16.00 64.00 80.00 OK

Check Details

Version: 1.1.2
Check: dependencies in R code
Result: NOTE
    Namespace in Imports field not imported from: ‘methods’
     All declared Imports should be used.
Flavors: r-devel-linux-x86_64-fedora-clang, r-devel-linux-x86_64-fedora-gcc, r-release-macos-arm64, r-release-macos-x86_64, r-oldrel-macos-arm64, r-oldrel-macos-x86_64