CRAN Package Check Results for Package SAVER

Last updated on 2024-07-23 12:57:45 CEST.

Flavor Version Tinstall Tcheck Ttotal Status Flags
r-devel-linux-x86_64-debian-clang 1.1.2 6.38 51.94 58.32 OK
r-devel-linux-x86_64-debian-gcc 1.1.2 5.45 38.69 44.14 OK
r-devel-linux-x86_64-fedora-clang 1.1.2 75.92 NOTE
r-devel-linux-x86_64-fedora-gcc 1.1.2 85.39 NOTE
r-devel-windows-x86_64 1.1.2 8.00 66.00 74.00 OK
r-patched-linux-x86_64 1.1.2 6.46 49.21 55.67 OK
r-release-linux-x86_64 1.1.2 6.83 48.52 55.35 OK
r-release-macos-arm64 1.1.2 36.00 OK
r-release-macos-x86_64 1.1.2 51.00 OK
r-release-windows-x86_64 1.1.2 7.00 66.00 73.00 OK
r-oldrel-macos-arm64 1.1.2 35.00 OK
r-oldrel-macos-x86_64 1.1.2 45.00 OK
r-oldrel-windows-x86_64 1.1.2 10.00 64.00 74.00 OK

Check Details

Version: 1.1.2
Check: dependencies in R code
Result: NOTE Namespace in Imports field not imported from: ‘methods’ All declared Imports should be used. Flavors: r-devel-linux-x86_64-fedora-clang, r-devel-linux-x86_64-fedora-gcc