Last updated on 2023-02-02 11:54:15 CET.
Flavor | Version | Tinstall | Tcheck | Ttotal | Status | Flags |
---|---|---|---|---|---|---|
r-devel-linux-x86_64-debian-clang | 1.0.3 | 70.53 | 98.23 | 168.76 | NOTE | |
r-devel-linux-x86_64-debian-gcc | 1.0.3 | 58.46 | 74.42 | 132.88 | NOTE | |
r-devel-linux-x86_64-fedora-clang | 1.0.3 | 247.60 | NOTE | |||
r-devel-linux-x86_64-fedora-gcc | 1.0.3 | 230.69 | NOTE | |||
r-patched-linux-x86_64 | 1.0.3 | 56.96 | 91.65 | 148.61 | NOTE | |
r-release-linux-x86_64 | 1.0.3 | 49.82 | 97.38 | 147.20 | NOTE | |
r-release-macos-arm64 | 1.0.3 | 61.00 | NOTE | |||
r-release-macos-x86_64 | 1.0.3 | 104.00 | NOTE | |||
r-release-windows-x86_64 | 1.0.3 | 80.00 | 166.00 | 246.00 | NOTE | |
r-oldrel-macos-arm64 | 1.0.3 | 71.00 | NOTE | |||
r-oldrel-macos-x86_64 | 1.0.3 | 118.00 | NOTE | |||
r-oldrel-windows-ix86+x86_64 | 1.0.3 | 186.00 | 174.00 | 360.00 | NOTE |
Version: 1.0.3
Check: C++ specification
Result: NOTE
Specified C++11: please update to current default of C++17
Flavors: r-devel-linux-x86_64-debian-clang, r-devel-linux-x86_64-debian-gcc, r-devel-linux-x86_64-fedora-clang, r-devel-linux-x86_64-fedora-gcc
Version: 1.0.3
Check: for GNU extensions in Makefiles
Result: NOTE
GNU make is a SystemRequirements.
Flavors: r-devel-linux-x86_64-debian-clang, r-devel-linux-x86_64-debian-gcc, r-devel-linux-x86_64-fedora-clang, r-devel-linux-x86_64-fedora-gcc, r-patched-linux-x86_64, r-release-linux-x86_64, r-release-macos-arm64, r-release-macos-x86_64, r-release-windows-x86_64, r-oldrel-macos-arm64, r-oldrel-macos-x86_64, r-oldrel-windows-ix86+x86_64
Version: 1.0.3
Check: dependencies in R code
Result: NOTE
Namespaces in Imports field not imported from:
‘httr’ ‘jsonlite’
All declared Imports should be used.
Flavors: r-devel-linux-x86_64-fedora-clang, r-devel-linux-x86_64-fedora-gcc, r-release-macos-arm64, r-release-macos-x86_64, r-oldrel-macos-arm64, r-oldrel-macos-x86_64