Last updated on 2025-04-29 12:52:49 CEST.
Flavor | Version | Tinstall | Tcheck | Ttotal | Status | Flags |
---|---|---|---|---|---|---|
r-devel-linux-x86_64-debian-clang | 1.0.9-1 | 13.33 | 34.85 | 48.18 | NOTE | |
r-devel-linux-x86_64-debian-gcc | 1.0.9-1 | 7.65 | 26.07 | 33.72 | NOTE | |
r-devel-linux-x86_64-fedora-clang | 1.0.9-1 | 74.16 | OK | |||
r-devel-linux-x86_64-fedora-gcc | 1.0.9-1 | 82.74 | OK | |||
r-devel-windows-x86_64 | 1.0.9-1 | 17.00 | 69.00 | 86.00 | OK | |
r-patched-linux-x86_64 | 1.0.9-1 | 10.99 | 33.54 | 44.53 | OK | |
r-release-linux-x86_64 | 1.0.9-1 | 10.11 | 33.38 | 43.49 | OK | |
r-release-macos-arm64 | 1.0.9-1 | 59.00 | OK | |||
r-release-macos-x86_64 | 1.0.9-1 | 57.00 | OK | |||
r-release-windows-x86_64 | 1.0.9-1 | 16.00 | 70.00 | 86.00 | OK | |
r-oldrel-macos-arm64 | 1.0.9-1 | 31.00 | OK | |||
r-oldrel-macos-x86_64 | 1.0.9-1 | 45.00 | OK | |||
r-oldrel-windows-x86_64 | 1.0.9-1 | 17.00 | 69.00 | 86.00 | OK |
Version: 1.0.9-1
Check: CRAN incoming feasibility
Result: NOTE
Maintainer: ‘Masami Saga <msaga@mtb.biglobe.ne.jp>’
No Authors@R field in DESCRIPTION.
Please add one, modifying
Authors@R: c(person(given = c("The", "Institute", "of", "Statistical"),
family = "Mathematics",
role = "aut"),
person(given = "Masami",
family = "Saga",
role = "cre",
email = "msaga@mtb.biglobe.ne.jp"))
as necessary.
Flavors: r-devel-linux-x86_64-debian-clang, r-devel-linux-x86_64-debian-gcc