Last updated on 2024-05-01 12:14:37 CEST.
Flavor | Version | Tinstall | Tcheck | Ttotal | Status | Flags |
---|---|---|---|---|---|---|
r-devel-linux-x86_64-debian-clang | 0.1.0 | 206.83 | 48.17 | 255.00 | OK | |
r-devel-linux-x86_64-debian-gcc | 0.1.0 | 152.43 | 35.69 | 188.12 | OK | |
r-devel-linux-x86_64-fedora-clang | 0.1.0 | 366.03 | OK | |||
r-devel-linux-x86_64-fedora-gcc | 0.1.0 | 361.82 | OK | |||
r-devel-windows-x86_64 | 0.1.0 | 149.00 | 88.00 | 237.00 | OK | |
r-patched-linux-x86_64 | 0.1.0 | 203.82 | 46.19 | 250.01 | OK | |
r-release-linux-x86_64 | 0.1.0 | 185.46 | 45.49 | 230.95 | OK | |
r-release-macos-arm64 | 0.1.0 | 66.00 | NOTE | |||
r-release-windows-x86_64 | 0.1.0 | 150.00 | 90.00 | 240.00 | OK | |
r-oldrel-macos-arm64 | 0.1.0 | 72.00 | NOTE | |||
r-oldrel-macos-x86_64 | 0.1.0 | 89.00 | NOTE | |||
r-oldrel-windows-x86_64 | 0.1.0 | 185.00 | 96.00 | 281.00 | OK |
Version: 0.1.0
Check: installed package size
Result: NOTE
installed size is 5.4Mb
sub-directories of 1Mb or more:
libs 4.9Mb
Flavors: r-release-macos-arm64, r-oldrel-macos-arm64, r-oldrel-macos-x86_64