Last updated on 2022-07-04 12:54:20 CEST.
Flavor | Version | Tinstall | Tcheck | Ttotal | Status | Flags |
---|---|---|---|---|---|---|
r-devel-linux-x86_64-debian-clang | 1.1.1 | 111.01 | 30.14 | 141.15 | OK | |
r-devel-linux-x86_64-debian-gcc | 1.1.1 | 96.47 | 23.45 | 119.92 | OK | |
r-devel-linux-x86_64-fedora-clang | 1.1.1 | 228.94 | NOTE | |||
r-devel-linux-x86_64-fedora-gcc | 1.1.1 | 204.52 | OK | |||
r-devel-windows-x86_64 | 1.1.1 | 78.00 | 81.00 | 159.00 | OK | |
r-patched-linux-x86_64 | 1.1.1 | 95.67 | 29.17 | 124.84 | OK | |
r-release-linux-x86_64 | 1.1.1 | 92.06 | 29.40 | 121.46 | OK | |
r-release-macos-arm64 | 1.1.1 | 55.00 | NOTE | |||
r-release-macos-x86_64 | 1.1.1 | 64.00 | NOTE | |||
r-release-windows-x86_64 | 1.1.1 | 74.00 | 81.00 | 155.00 | OK | |
r-oldrel-macos-arm64 | 1.1.1 | 63.00 | NOTE | |||
r-oldrel-macos-x86_64 | 1.1.1 | 102.00 | NOTE | |||
r-oldrel-windows-ix86+x86_64 | 1.1.1 | 235.00 | 86.00 | 321.00 | OK |
Version: 1.1.1
Check: installed package size
Result: NOTE
installed size is 10.9Mb
sub-directories of 1Mb or more:
libs 10.8Mb
Flavors: r-devel-linux-x86_64-fedora-clang, r-release-macos-arm64, r-release-macos-x86_64, r-oldrel-macos-arm64, r-oldrel-macos-x86_64