Last updated on 2024-03-28 09:51:56 CET.
Flavor | Version | Tinstall | Tcheck | Ttotal | Status | Flags |
---|---|---|---|---|---|---|
r-devel-linux-x86_64-debian-clang | 0.1.0-1 | 53.45 | 232.21 | 285.66 | OK | |
r-devel-linux-x86_64-debian-gcc | 0.1.0-1 | 39.33 | 221.93 | 261.26 | OK | |
r-devel-linux-x86_64-fedora-clang | 0.1.0-1 | 363.11 | NOTE | |||
r-devel-linux-x86_64-fedora-gcc | 0.1.0-1 | 446.26 | NOTE | |||
r-devel-windows-x86_64 | 0.1.0-1 | 42.00 | 244.00 | 286.00 | OK | |
r-patched-linux-x86_64 | 0.1.0-1 | 35.80 | 296.43 | 332.23 | OK | |
r-release-linux-x86_64 | 0.1.0-1 | 35.63 | 293.93 | 329.56 | OK | |
r-release-macos-arm64 | 0.1.0-1 | 152.00 | OK | |||
r-release-macos-x86_64 | 0.1.0-1 | 253.00 | OK | |||
r-release-windows-x86_64 | 0.1.0-1 | 52.00 | 318.00 | 370.00 | OK | |
r-oldrel-macos-arm64 | 0.1.0-1 | 126.00 | NOTE | |||
r-oldrel-windows-x86_64 | 0.1.0-1 | 51.00 | 316.00 | 367.00 | OK |
Version: 0.1.0-1
Check: dependencies in R code
Result: NOTE
Namespace in Imports field not imported from: ‘Rcpp’
All declared Imports should be used.
Flavors: r-devel-linux-x86_64-fedora-clang, r-devel-linux-x86_64-fedora-gcc, r-oldrel-macos-arm64