CRAN Package Check Results for Package SALES

Last updated on 2022-07-03 11:53:48 CEST.

Flavor Version Tinstall Tcheck Ttotal Status Flags
r-devel-linux-x86_64-debian-clang 1.0.0 9.46 75.12 84.58 OK
r-devel-linux-x86_64-debian-gcc 1.0.0 8.51 57.74 66.25 OK
r-devel-linux-x86_64-fedora-clang 1.0.0 114.61 NOTE
r-devel-linux-x86_64-fedora-gcc 1.0.0 112.95 NOTE
r-devel-windows-x86_64 1.0.0 23.00 100.00 123.00 OK
r-patched-linux-x86_64 1.0.0 11.10 72.84 83.94 OK
r-release-linux-x86_64 1.0.0 11.52 72.26 83.78 OK
r-release-macos-arm64 1.0.0 35.00 OK
r-release-macos-x86_64 1.0.0 46.00 OK
r-release-windows-x86_64 1.0.0 17.00 101.00 118.00 OK
r-oldrel-macos-arm64 1.0.0 44.00 OK
r-oldrel-macos-x86_64 1.0.0 95.00 OK
r-oldrel-windows-ix86+x86_64 1.0.0 24.00 124.00 148.00 OK

Check Details

Version: 1.0.0
Check: compiled code
Result: NOTE
    File ‘SALES/libs/SALES.so’:
     Found no calls to: ‘R_registerRoutines’, ‘R_useDynamicSymbols’
    
    It is good practice to register native routines and to disable symbol
    search.
    
    See ‘Writing portable packages’ in the ‘Writing R Extensions’ manual.
Flavors: r-devel-linux-x86_64-fedora-clang, r-devel-linux-x86_64-fedora-gcc