CRAN Package Check Results for Package SACOBRA

Last updated on 2022-11-26 10:58:09 CET.

Flavor Version Tinstall Tcheck Ttotal Status Flags
r-devel-linux-x86_64-debian-clang 1.2 11.97 93.71 105.68 OK
r-devel-linux-x86_64-debian-gcc 1.2 9.58 69.12 78.70 OK
r-devel-linux-x86_64-fedora-clang 1.2 139.81 NOTE
r-devel-windows-x86_64 1.2 39.00 134.00 173.00 OK
r-patched-linux-x86_64 1.2 OK
r-release-linux-x86_64 1.2 10.69 84.88 95.57 OK
r-release-macos-arm64 1.2 46.00 NOTE
r-release-macos-x86_64 1.2 43.00 NOTE
r-release-windows-x86_64 1.2 51.00 111.00 162.00 OK
r-oldrel-macos-arm64 1.2 41.00 NOTE
r-oldrel-macos-x86_64 1.2 62.00 NOTE
r-oldrel-windows-ix86+x86_64 1.2 20.00 108.00 128.00 OK

Check Details

Version: 1.2
Check: dependencies in R code
Result: NOTE
    Namespaces in Imports field not imported from:
     ‘R6’ ‘mgcv’
     All declared Imports should be used.
Flavors: r-devel-linux-x86_64-fedora-clang, r-release-macos-arm64, r-release-macos-x86_64, r-oldrel-macos-arm64, r-oldrel-macos-x86_64