Last updated on 2022-07-03 11:53:48 CEST.
Flavor | Version | Tinstall | Tcheck | Ttotal | Status | Flags |
---|---|---|---|---|---|---|
r-devel-linux-x86_64-debian-clang | 1.2 | 12.73 | 87.98 | 100.71 | OK | |
r-devel-linux-x86_64-debian-gcc | 1.2 | 8.92 | 64.37 | 73.29 | OK | |
r-devel-linux-x86_64-fedora-clang | 1.2 | 126.24 | NOTE | |||
r-devel-linux-x86_64-fedora-gcc | 1.2 | 127.58 | NOTE | |||
r-devel-windows-x86_64 | 1.2 | 15.00 | 106.00 | 121.00 | OK | |
r-patched-linux-x86_64 | 1.2 | 9.95 | 82.41 | 92.36 | OK | |
r-release-linux-x86_64 | 1.2 | 9.71 | 82.16 | 91.87 | OK | |
r-release-macos-arm64 | 1.2 | 46.00 | NOTE | |||
r-release-macos-x86_64 | 1.2 | 43.00 | NOTE | |||
r-release-windows-x86_64 | 1.2 | 34.00 | 112.00 | 146.00 | OK | |
r-oldrel-macos-arm64 | 1.2 | 41.00 | NOTE | |||
r-oldrel-macos-x86_64 | 1.2 | 62.00 | NOTE | |||
r-oldrel-windows-ix86+x86_64 | 1.2 | 18.00 | 113.00 | 131.00 | OK |
Version: 1.2
Check: dependencies in R code
Result: NOTE
Namespaces in Imports field not imported from:
‘R6’ ‘mgcv’
All declared Imports should be used.
Flavors: r-devel-linux-x86_64-fedora-clang, r-devel-linux-x86_64-fedora-gcc, r-release-macos-arm64, r-release-macos-x86_64, r-oldrel-macos-arm64, r-oldrel-macos-x86_64