Last updated on 2022-06-27 11:50:54 CEST.
Flavor | Version | Tinstall | Tcheck | Ttotal | Status | Flags |
---|---|---|---|---|---|---|
r-devel-linux-x86_64-debian-clang | 0.4.3 | 84.98 | 102.57 | 187.55 | OK | |
r-devel-linux-x86_64-debian-gcc | 0.4.3 | 77.56 | 77.15 | 154.71 | OK | |
r-devel-linux-x86_64-fedora-clang | 0.4.3 | 298.75 | NOTE | |||
r-devel-linux-x86_64-fedora-gcc | 0.4.3 | 268.45 | OK | |||
r-devel-windows-x86_64 | 0.4.3 | 193.00 | 203.00 | 396.00 | OK | |
r-patched-linux-x86_64 | 0.4.3 | 82.21 | 99.07 | 181.28 | OK | |
r-release-linux-x86_64 | 0.4.3 | 79.38 | 97.96 | 177.34 | OK | |
r-release-macos-arm64 | 0.4.3 | 75.00 | NOTE | |||
r-release-macos-x86_64 | 0.4.3 | 121.00 | NOTE | |||
r-release-windows-x86_64 | 0.4.3 | 216.00 | 187.00 | 403.00 | OK | |
r-oldrel-macos-arm64 | 0.4.3 | 98.00 | NOTE | |||
r-oldrel-macos-x86_64 | 0.4.3 | 168.00 | NOTE | |||
r-oldrel-windows-ix86+x86_64 | 0.4.3 | 236.00 | 209.00 | 445.00 | OK |
Version: 0.4.3
Check: installed package size
Result: NOTE
installed size is 7.3Mb
sub-directories of 1Mb or more:
libs 5.3Mb
yacas 1.5Mb
Flavors: r-devel-linux-x86_64-fedora-clang, r-release-macos-arm64, r-release-macos-x86_64, r-oldrel-macos-arm64, r-oldrel-macos-x86_64