Last updated on 2022-06-29 11:52:20 CEST.
Flavor | Version | Tinstall | Tcheck | Ttotal | Status | Flags |
---|---|---|---|---|---|---|
r-devel-linux-x86_64-debian-clang | 0.1-33 | 3.71 | 23.95 | 27.66 | OK | |
r-devel-linux-x86_64-debian-gcc | 0.1-33 | 2.68 | 18.57 | 21.25 | OK | |
r-devel-linux-x86_64-fedora-clang | 0.1-33 | 46.05 | NOTE | |||
r-devel-linux-x86_64-fedora-gcc | 0.1-33 | 45.24 | OK | |||
r-devel-windows-x86_64 | 0.1-33 | 16.00 | 79.00 | 95.00 | OK | |
r-patched-linux-x86_64 | 0.1-33 | 2.92 | 23.59 | 26.51 | OK | |
r-release-linux-x86_64 | 0.1-33 | 3.04 | 22.67 | 25.71 | OK | |
r-release-macos-arm64 | 0.1-33 | 17.00 | OK | |||
r-release-macos-x86_64 | 0.1-33 | 24.00 | OK | |||
r-release-windows-x86_64 | 0.1-33 | 11.00 | 82.00 | 93.00 | OK | |
r-oldrel-macos-arm64 | 0.1-33 | 19.00 | OK | |||
r-oldrel-macos-x86_64 | 0.1-33 | 28.00 | OK | |||
r-oldrel-windows-ix86+x86_64 | 0.1-33 | 13.00 | 71.00 | 84.00 | NOTE |
Version: 0.1-33
Check: Rd cross-references
Result: NOTE
Undeclared packages ‘lpSolve’, ‘Rglpk’ in Rd xrefs
Flavor: r-devel-linux-x86_64-fedora-clang
Version: 0.1-33
Check: installed package size
Result: NOTE
installed size is 9.3Mb
sub-directories of 1Mb or more:
libs 9.2Mb
Flavor: r-oldrel-windows-ix86+x86_64