CRAN Package Check Results for Package Rspotify

Last updated on 2023-09-26 13:08:42 CEST.

Flavor Version Tinstall Tcheck Ttotal Status Flags
r-devel-linux-x86_64-debian-clang 0.1.2 1.83 22.64 24.47 NOTE
r-devel-linux-x86_64-debian-gcc 0.1.2 1.96 17.83 19.79 NOTE
r-devel-linux-x86_64-fedora-clang 0.1.2 31.50 NOTE
r-devel-linux-x86_64-fedora-gcc 0.1.2 31.98 NOTE
r-devel-windows-x86_64 0.1.2 4.00 43.00 47.00 NOTE
r-patched-linux-x86_64 0.1.2 2.57 22.44 25.01 NOTE
r-release-linux-x86_64 0.1.2 2.44 22.32 24.76 NOTE
r-release-macos-arm64 0.1.2 14.00 NOTE
r-release-macos-x86_64 0.1.2 22.00 NOTE
r-release-windows-x86_64 0.1.2 4.00 42.00 46.00 NOTE
r-oldrel-macos-arm64 0.1.2 15.00 NOTE
r-oldrel-macos-x86_64 0.1.2 25.00 NOTE
r-oldrel-windows-x86_64 0.1.2 4.00 41.00 45.00 NOTE

Check Details

Version: 0.1.2
Check: LazyData
Result: NOTE
     'LazyData' is specified without a 'data' directory
Flavors: r-devel-linux-x86_64-debian-clang, r-devel-linux-x86_64-debian-gcc, r-devel-linux-x86_64-fedora-clang, r-devel-linux-x86_64-fedora-gcc, r-devel-windows-x86_64, r-patched-linux-x86_64, r-release-linux-x86_64, r-release-macos-arm64, r-release-macos-x86_64, r-release-windows-x86_64, r-oldrel-macos-arm64, r-oldrel-macos-x86_64, r-oldrel-windows-x86_64

Version: 0.1.2
Check: dependencies in R code
Result: NOTE
    Namespace in Imports field not imported from: ‘magrittr’
     All declared Imports should be used.
Flavors: r-devel-linux-x86_64-fedora-clang, r-devel-linux-x86_64-fedora-gcc, r-oldrel-macos-arm64, r-oldrel-macos-x86_64