Last updated on 2024-05-01 12:14:36 CEST.
Flavor | Version | Tinstall | Tcheck | Ttotal | Status | Flags |
---|---|---|---|---|---|---|
r-devel-linux-x86_64-debian-clang | 1.3.0 | 14.21 | 89.85 | 104.06 | OK | |
r-devel-linux-x86_64-debian-gcc | 1.3.0 | 10.21 | 66.52 | 76.73 | OK | |
r-devel-linux-x86_64-fedora-clang | 1.3.0 | 124.49 | NOTE | |||
r-devel-linux-x86_64-fedora-gcc | 1.3.0 | 124.43 | NOTE | |||
r-devel-windows-x86_64 | 1.3.0 | 11.00 | 81.00 | 92.00 | OK | |
r-patched-linux-x86_64 | 1.3.0 | 10.99 | 84.67 | 95.66 | OK | |
r-release-linux-x86_64 | 1.3.0 | 7.70 | 84.82 | 92.52 | OK | |
r-release-macos-arm64 | 1.3.0 | 41.00 | OK | |||
r-release-windows-x86_64 | 1.3.0 | 12.00 | 84.00 | 96.00 | OK | |
r-oldrel-macos-arm64 | 1.3.0 | 40.00 | OK | |||
r-oldrel-macos-x86_64 | 1.3.0 | 106.00 | OK | |||
r-oldrel-windows-x86_64 | 1.3.0 | 14.00 | 98.00 | 112.00 | OK |
Version: 1.3.0
Check: data for non-ASCII characters
Result: NOTE
Note: found 192 marked UTF-8 strings
Flavors: r-devel-linux-x86_64-fedora-clang, r-devel-linux-x86_64-fedora-gcc