Last updated on 2024-03-28 09:51:55 CET.
Flavor | Version | Tinstall | Tcheck | Ttotal | Status | Flags |
---|---|---|---|---|---|---|
r-devel-linux-x86_64-debian-clang | 1.1.4 | 121.45 | 504.63 | 626.08 | OK | |
r-devel-linux-x86_64-debian-gcc | 1.1.4 | 86.69 | 358.56 | 445.25 | OK | |
r-devel-linux-x86_64-fedora-clang | 1.1.4 | 782.88 | OK | |||
r-devel-linux-x86_64-fedora-gcc | 1.1.4 | 773.13 | OK | |||
r-devel-windows-x86_64 | 1.1.4 | 90.00 | 375.00 | 465.00 | OK | |
r-patched-linux-x86_64 | 1.1.4 | 103.70 | 475.18 | 578.88 | OK | |
r-release-linux-x86_64 | 1.1.4 | 83.38 | 468.33 | 551.71 | OK | |
r-release-macos-arm64 | 1.1.4 | 201.00 | NOTE | |||
r-release-macos-x86_64 | 1.1.4 | 493.00 | NOTE | |||
r-release-windows-x86_64 | 1.1.4 | 115.00 | 513.00 | 628.00 | OK | |
r-oldrel-macos-arm64 | 1.1.4 | 197.00 | NOTE | |||
r-oldrel-windows-x86_64 | 1.1.4 | 110.00 | 480.00 | 590.00 | OK |
Version: 1.1.4
Check: installed package size
Result: NOTE
installed size is 7.7Mb
sub-directories of 1Mb or more:
doc 1.4Mb
libs 5.7Mb
Flavors: r-release-macos-arm64, r-release-macos-x86_64, r-oldrel-macos-arm64