CRAN Package Check Results for Package Rpoet

Last updated on 2023-10-01 12:00:48 CEST.

Flavor Version Tinstall Tcheck Ttotal Status Flags
r-devel-linux-x86_64-debian-clang 1.1.0 1.72 24.94 26.66 NOTE
r-devel-linux-x86_64-debian-gcc 1.1.0 1.57 20.05 21.62 NOTE
r-devel-linux-x86_64-fedora-clang 1.1.0 34.24 NOTE
r-devel-linux-x86_64-fedora-gcc 1.1.0 45.67 NOTE
r-devel-windows-x86_64 1.1.0 3.00 43.00 46.00 NOTE
r-patched-linux-x86_64 1.1.0 1.85 24.27 26.12 NOTE
r-release-linux-x86_64 1.1.0 1.96 24.20 26.16 NOTE
r-release-macos-arm64 1.1.0 19.00 NOTE
r-release-macos-x86_64 1.1.0 28.00 NOTE
r-release-windows-x86_64 1.1.0 5.00 44.00 49.00 NOTE
r-oldrel-macos-arm64 1.1.0 17.00 NOTE
r-oldrel-macos-x86_64 1.1.0 22.00 NOTE
r-oldrel-windows-x86_64 1.1.0 5.00 46.00 51.00 NOTE

Check Details

Version: 1.1.0
Check: LazyData
Result: NOTE
     'LazyData' is specified without a 'data' directory
Flavors: r-devel-linux-x86_64-debian-clang, r-devel-linux-x86_64-debian-gcc, r-devel-linux-x86_64-fedora-clang, r-devel-linux-x86_64-fedora-gcc, r-devel-windows-x86_64, r-patched-linux-x86_64, r-release-linux-x86_64, r-release-macos-arm64, r-release-macos-x86_64, r-release-windows-x86_64, r-oldrel-macos-arm64, r-oldrel-macos-x86_64, r-oldrel-windows-x86_64