CRAN Package Check Results for Package RolWinMulCor

Last updated on 2022-07-06 12:53:45 CEST.

Flavor Version Tinstall Tcheck Ttotal Status Flags
r-devel-linux-x86_64-debian-clang 1.2.0 4.97 46.29 51.26 OK
r-devel-linux-x86_64-debian-gcc 1.2.0 3.69 35.82 39.51 OK
r-devel-linux-x86_64-fedora-clang 1.2.0 70.75 WARN
r-devel-linux-x86_64-fedora-gcc 1.2.0 71.21 WARN
r-devel-windows-x86_64 1.2.0 29.00 82.00 111.00 OK
r-patched-linux-x86_64 1.2.0 4.78 43.74 48.52 OK
r-release-linux-x86_64 1.2.0 4.07 43.88 47.95 OK
r-release-macos-arm64 1.2.0 21.00 OK
r-release-macos-x86_64 1.2.0 31.00 OK
r-release-windows-x86_64 1.2.0 23.00 86.00 109.00 OK
r-oldrel-macos-arm64 1.2.0 26.00 OK
r-oldrel-macos-x86_64 1.2.0 37.00 OK
r-oldrel-windows-ix86+x86_64 1.2.0 11.00 62.00 73.00 OK

Check Details

Version: 1.2.0
Check: package dependencies
Result: WARN
    Requires orphaned package: ‘gtools’
Flavors: r-devel-linux-x86_64-fedora-clang, r-devel-linux-x86_64-fedora-gcc