CRAN Package Check Results for Package RobustLinearReg

Last updated on 2025-04-29 12:52:48 CEST.

Flavor Version Tinstall Tcheck Ttotal Status Flags
r-devel-linux-x86_64-debian-clang 1.2.0 1.71 16.54 18.25 NOTE
r-devel-linux-x86_64-debian-gcc 1.2.0 1.33 13.58 14.91 NOTE
r-devel-linux-x86_64-fedora-clang 1.2.0 28.07 OK
r-devel-linux-x86_64-fedora-gcc 1.2.0 27.04 OK
r-devel-windows-x86_64 1.2.0 3.00 35.00 38.00 OK
r-patched-linux-x86_64 1.2.0 1.64 15.88 17.52 OK
r-release-linux-x86_64 1.2.0 1.48 15.98 17.46 OK
r-release-macos-arm64 1.2.0 14.00 OK
r-release-macos-x86_64 1.2.0 22.00 OK
r-release-windows-x86_64 1.2.0 3.00 34.00 37.00 OK
r-oldrel-macos-arm64 1.2.0 14.00 NOTE
r-oldrel-macos-x86_64 1.2.0 18.00 NOTE
r-oldrel-windows-x86_64 1.2.0 2.00 34.00 36.00 NOTE

Check Details

Version: 1.2.0
Check: CRAN incoming feasibility
Result: NOTE Maintainer: ‘Santiago I. Hurtado <santih@carina.fcaglp.unlp.edu.ar>’ No Authors@R field in DESCRIPTION. Please add one, modifying Authors@R: person(given = c("Santiago", "I."), family = "Hurtado", role = c("aut", "cre"), email = "santih@carina.fcaglp.unlp.edu.ar") as necessary. Flavors: r-devel-linux-x86_64-debian-clang, r-devel-linux-x86_64-debian-gcc

Version: 1.2.0
Check: LazyData
Result: NOTE 'LazyData' is specified without a 'data' directory Flavors: r-oldrel-macos-arm64, r-oldrel-macos-x86_64, r-oldrel-windows-x86_64