Last updated on 2022-06-26 11:52:43 CEST.
Flavor | Version | Tinstall | Tcheck | Ttotal | Status | Flags |
---|---|---|---|---|---|---|
r-devel-linux-x86_64-debian-clang | 0.5.2 | 56.93 | 88.36 | 145.29 | OK | |
r-devel-linux-x86_64-debian-gcc | 0.5.2 | 47.69 | 64.69 | 112.38 | OK | |
r-devel-linux-x86_64-fedora-clang | 0.5.2 | 199.35 | NOTE | |||
r-devel-linux-x86_64-fedora-gcc | 0.5.2 | 194.61 | OK | |||
r-devel-windows-x86_64 | 0.5.2 | 193.00 | 125.00 | 318.00 | OK | |
r-patched-linux-x86_64 | 0.5.2 | 46.08 | 84.47 | 130.55 | OK | |
r-release-linux-x86_64 | 0.5.2 | 45.74 | 85.17 | 130.91 | OK | |
r-release-macos-arm64 | 0.5.2 | 52.00 | NOTE | |||
r-release-macos-x86_64 | 0.5.2 | 89.00 | NOTE | |||
r-release-windows-x86_64 | 0.5.2 | 149.00 | 126.00 | 275.00 | OK | |
r-oldrel-macos-arm64 | 0.5.2 | 61.00 | NOTE | |||
r-oldrel-macos-x86_64 | 0.5.2 | 71.00 | NOTE | |||
r-oldrel-windows-ix86+x86_64 | 0.5.2 | 127.00 | 175.00 | 302.00 | OK |
Version: 0.5.2
Check: installed package size
Result: NOTE
installed size is 15.9Mb
sub-directories of 1Mb or more:
libs 15.4Mb
Flavors: r-devel-linux-x86_64-fedora-clang, r-release-macos-arm64, r-release-macos-x86_64, r-oldrel-macos-arm64, r-oldrel-macos-x86_64