Last updated on 2024-03-28 09:51:55 CET.
Flavor | Version | Tinstall | Tcheck | Ttotal | Status | Flags |
---|---|---|---|---|---|---|
r-devel-linux-x86_64-debian-clang | 1.2.2 | 32.50 | 341.17 | 373.67 | OK | |
r-devel-linux-x86_64-debian-gcc | 1.2.2 | 33.23 | 249.43 | 282.66 | OK | |
r-devel-linux-x86_64-fedora-clang | 1.2.2 | 510.33 | NOTE | |||
r-devel-linux-x86_64-fedora-gcc | 1.2.2 | 475.37 | OK | |||
r-devel-windows-x86_64 | 1.2.2 | 31.00 | 228.00 | 259.00 | OK | |
r-patched-linux-x86_64 | 1.2.2 | 29.10 | 322.72 | 351.82 | OK | |
r-release-linux-x86_64 | 1.2.2 | 25.87 | 334.00 | 359.87 | OK | |
r-release-macos-arm64 | 1.2.2 | 136.00 | NOTE | |||
r-release-macos-x86_64 | 1.2.2 | 288.00 | NOTE | |||
r-release-windows-x86_64 | 1.2.2 | 42.00 | 290.00 | 332.00 | OK | |
r-oldrel-macos-arm64 | 1.2.2 | 134.00 | NOTE | |||
r-oldrel-windows-x86_64 | 1.2.2 | 44.00 | 299.00 | 343.00 | OK |
Version: 1.2.2
Check: Rd cross-references
Result: NOTE
Undeclared package ‘distrEx’ in Rd xrefs
Flavor: r-devel-linux-x86_64-fedora-clang
Version: 1.2.2
Check: package dependencies
Result: NOTE
Packages suggested but not available for checking:
'affydata', 'hgu95av2cdf', 'beadarrayExampleData',
'illuminaHumanv3.db'
Flavors: r-release-macos-arm64, r-release-macos-x86_64
Version: 1.2.2
Check: package dependencies
Result: NOTE
Package suggested but not available for checking: ‘illuminaHumanv3.db’
Flavor: r-oldrel-macos-arm64