CRAN Package Check Results for Package RobLoxBioC

Last updated on 2022-06-26 11:52:43 CEST.

Flavor Version Tinstall Tcheck Ttotal Status Flags
r-devel-linux-x86_64-debian-clang 1.2.0 43.72 342.97 386.69 OK
r-devel-linux-x86_64-debian-gcc 1.2.0 34.36 253.55 287.91 OK
r-devel-linux-x86_64-fedora-clang 1.2.0 471.72 NOTE
r-devel-linux-x86_64-fedora-gcc 1.2.0 462.55 OK
r-devel-windows-x86_64 1.2.0 43.00 310.00 353.00 OK
r-patched-linux-x86_64 1.2.0 36.24 319.55 355.79 OK
r-release-linux-x86_64 1.2.0 26.93 319.30 346.23 OK
r-release-macos-arm64 1.2.0 107.00 NOTE
r-release-macos-x86_64 1.2.0 203.00 NOTE
r-release-windows-x86_64 1.2.0 50.00 305.00 355.00 OK
r-oldrel-macos-arm64 1.2.0 162.00 NOTE
r-oldrel-macos-x86_64 1.2.0 12.00 ERROR
r-oldrel-windows-ix86+x86_64 1.2.0 78.00 321.00 399.00 OK

Additional issues

donttest

Check Details

Version: 1.2.0
Check: Rd cross-references
Result: NOTE
    Undeclared package ‘distrEx’ in Rd xrefs
Flavor: r-devel-linux-x86_64-fedora-clang

Version: 1.2.0
Check: package dependencies
Result: NOTE
    Package suggested but not available for checking: ‘illuminaHumanv3.db’
Flavors: r-release-macos-arm64, r-oldrel-macos-arm64

Version: 1.2.0
Check: package dependencies
Result: NOTE
    Packages suggested but not available for checking:
     'affydata', 'illuminaHumanv3.db'
Flavors: r-release-macos-x86_64, r-oldrel-macos-x86_64

Version: 1.2.0
Check: whether package can be installed
Result: ERROR
    Installation failed.
Flavor: r-oldrel-macos-x86_64