Last updated on 2022-06-24 11:52:18 CEST.
Flavor | Version | Tinstall | Tcheck | Ttotal | Status | Flags |
---|---|---|---|---|---|---|
r-devel-linux-x86_64-debian-clang | 1.2.0 | 18.07 | 202.45 | 220.52 | OK | |
r-devel-linux-x86_64-debian-gcc | 1.2.0 | 17.24 | 146.90 | 164.14 | OK | |
r-devel-linux-x86_64-fedora-clang | 1.2.0 | 266.56 | NOTE | |||
r-devel-linux-x86_64-fedora-gcc | 1.2.0 | 268.54 | OK | |||
r-devel-windows-x86_64 | 1.2.0 | 34.00 | 203.00 | 237.00 | OK | |
r-patched-linux-x86_64 | 1.2.0 | 17.62 | 192.42 | 210.04 | OK | |
r-release-linux-x86_64 | 1.2.0 | 21.14 | 188.88 | 210.02 | OK | |
r-release-macos-arm64 | 1.2.0 | 69.00 | OK | |||
r-release-macos-x86_64 | 1.2.0 | 113.00 | OK | |||
r-release-windows-x86_64 | 1.2.0 | 36.00 | 213.00 | 249.00 | OK | |
r-oldrel-macos-arm64 | 1.2.0 | 77.00 | OK | |||
r-oldrel-macos-x86_64 | 1.2.0 | 88.00 | OK | |||
r-oldrel-windows-ix86+x86_64 | 1.2.0 | 43.00 | 217.00 | 260.00 | OK |
Version: 1.2.0
Check: Rd cross-references
Result: NOTE
Undeclared package ‘ROptEst’ in Rd xrefs
Flavor: r-devel-linux-x86_64-fedora-clang