Last updated on 2023-01-28 12:56:22 CET.
Flavor | Version | Tinstall | Tcheck | Ttotal | Status | Flags |
---|---|---|---|---|---|---|
r-devel-linux-x86_64-debian-clang | 1.0.2 | 320.54 | 108.62 | 429.16 | OK | |
r-devel-linux-x86_64-debian-gcc | 1.0.2 | 258.76 | 88.23 | 346.99 | OK | |
r-devel-linux-x86_64-fedora-clang | 1.0.2 | 646.37 | OK | |||
r-devel-linux-x86_64-fedora-gcc | 1.0.2 | 561.62 | OK | |||
r-devel-windows-x86_64 | 1.0.2 | 241.00 | 159.00 | 400.00 | OK | |
r-patched-linux-x86_64 | 1.0.2 | 271.24 | 109.77 | 381.01 | OK | |
r-release-linux-x86_64 | 1.0.2 | 264.84 | 111.35 | 376.19 | OK | |
r-release-macos-arm64 | 1.0.2 | 131.00 | NOTE | |||
r-release-macos-x86_64 | 1.0.2 | 240.00 | NOTE | |||
r-release-windows-x86_64 | 1.0.2 | 238.00 | 165.00 | 403.00 | OK | |
r-oldrel-macos-arm64 | 1.0.2 | 140.00 | NOTE | |||
r-oldrel-macos-x86_64 | 1.0.2 | 159.00 | NOTE | |||
r-oldrel-windows-ix86+x86_64 | 1.0.2 | 777.00 | 190.00 | 967.00 | OK |
Version: 1.0.2
Check: installed package size
Result: NOTE
installed size is 22.0Mb
sub-directories of 1Mb or more:
libs 21.8Mb
Flavors: r-release-macos-arm64, r-release-macos-x86_64, r-oldrel-macos-arm64, r-oldrel-macos-x86_64