Last updated on 2024-04-19 11:56:59 CEST.
Flavor | Version | Tinstall | Tcheck | Ttotal | Status | Flags |
---|---|---|---|---|---|---|
r-devel-linux-x86_64-debian-clang | 1.3.0 | 707.55 | 120.36 | 827.91 | OK | |
r-devel-linux-x86_64-debian-gcc | 1.3.0 | OK | ||||
r-devel-linux-x86_64-fedora-clang | 1.3.0 | 1023.18 | NOTE | |||
r-devel-linux-x86_64-fedora-gcc | 1.3.0 | 1432.54 | NOTE | |||
r-prerel-macos-arm64 | 1.3.0 | 296.00 | NOTE | |||
r-prerel-macos-x86_64 | 1.3.0 | 302.00 | NOTE | |||
r-prerel-windows-x86_64 | 1.3.0 | 551.00 | 163.00 | 714.00 | NOTE | |
r-patched-linux-x86_64 | 1.3.0 | 0.07 | 2.68 | 2.75 | ERROR | |
r-release-linux-x86_64 | 1.3.0 | 0.02 | 2.45 | 2.47 | ERROR | |
r-release-macos-arm64 | 1.3.0 | 291.00 | NOTE | |||
r-release-macos-x86_64 | 1.3.0 | 290.00 | NOTE | |||
r-release-windows-x86_64 | 1.3.0 | 692.00 | 217.00 | 909.00 | NOTE | |
r-oldrel-macos-arm64 | 1.3.0 | 270.00 | NOTE | |||
r-oldrel-windows-x86_64 | 1.3.0 | 661.00 | 184.00 | 845.00 | NOTE |
Version: 1.3.0
Check: installed package size
Result: NOTE
installed size is 7.4Mb
sub-directories of 1Mb or more:
libs 6.6Mb
Flavors: r-devel-linux-x86_64-fedora-clang, r-prerel-macos-arm64, r-prerel-macos-x86_64, r-prerel-windows-x86_64, r-release-macos-arm64, r-release-macos-x86_64, r-release-windows-x86_64, r-oldrel-macos-arm64, r-oldrel-windows-x86_64
Version: 1.3.0
Check: Rd cross-references
Result: NOTE
Undeclared package ‘extraDistr’ in Rd xrefs
Flavor: r-devel-linux-x86_64-fedora-clang
Version: 1.3.0
Check: for GNU extensions in Makefiles
Result: NOTE
GNU make is a SystemRequirements.
Flavors: r-devel-linux-x86_64-fedora-clang, r-devel-linux-x86_64-fedora-gcc, r-prerel-macos-arm64, r-prerel-macos-x86_64, r-release-macos-arm64, r-release-macos-x86_64, r-oldrel-macos-arm64
Version: 1.3.0
Check: whether package can be installed
Result: ERROR
Installation failed.
Flavors: r-patched-linux-x86_64, r-release-linux-x86_64